000
CXUS56 KOTX 010853
CLMEAT

CLIMATE REPORT
NATIONAL WEATHER SERVICE SPOKANE WA
153 AM PDT SAT OCT 01 2022

...................................

...THE WENATCHEE WA PANGBORN FIELD CLIMATE SUMMARY FOR THE MONTH OF SEPTEMBER 2022...

CLIMATE NORMAL PERIOD 1991 TO 2020
CLIMATE RECORD PERIOD 1959 TO 2022

WEATHER         OBSERVED          NORMAL  DEPART   LAST YEAR`S
                VALUE   DATE(S)   VALUE   FROM     VALUE DATE(S)
                                          NORMAL
................................................................
TEMPERATURE (F)
RECORD
 HIGH            101   09/01/1987
 LOW              31   09/29/1985
HIGHEST           95   09/01         MM      MM       89  09/08
LOWEST            47   09/17          0      47       41  09/28
AVG. MAXIMUM    79.5               76.7     2.8     75.3
AVG. MINIMUM    56.0               52.5     3.5     52.6
MEAN            67.8               64.6     3.2     64.0
DAYS MAX >= 90     2                2.5    -0.5        0
DAYS MAX <= 32     0                0.0     0.0        0
DAYS MIN <= 32     0                0.0     0.0        0
DAYS MIN <= 0      0                0.0     0.0        0

PRECIPITATION (INCHES)
RECORD
 MAXIMUM        2.31   1986
 MINIMUM        0.00   1999
TOTALS          0.54               0.23    0.31     0.24
DAILY AVG.      0.02               0.01    0.01     0.01
DAYS >= .01        2                2.8    -0.8        2
DAYS >= .10        1                0.7     0.3        1
DAYS >= .50        1                0.0     1.0        0
DAYS >= 1.00       0                0.0     0.0        0
GREATEST
 24 HR. TOTAL   0.52   09/13 TO 09/13               0.21


DEGREE DAYS
HEATING TOTAL     19                 91     -72       89
 SINCE 7/1        19                104     -85       MM
COOLING TOTAL    108                 79      29       66
 SINCE 1/1      1010                805     205       MM
................................................................

WIND (MPH)
AVERAGE WIND SPEED              7.7
HIGHEST WIND SPEED/DIRECTION    30/300    DATE  09/22
HIGHEST GUST SPEED/DIRECTION    41/030    DATE  09/19

SKY COVER
POSSIBLE SUNSHINE (PERCENT)   MM
AVERAGE SKY COVER           0.16
NUMBER OF DAYS FAIR           24
NUMBER OF DAYS PC              4
NUMBER OF DAYS CLOUDY          2

AVERAGE RH (PERCENT)     44

WEATHER CONDITIONS. NUMBER OF DAYS WITH
THUNDERSTORM              1     MIXED PRECIP               0
HEAVY RAIN                1     RAIN                       1
LIGHT RAIN                5     FREEZING RAIN              0
LT FREEZING RAIN          0     HAIL                       0
HEAVY SNOW                0     SNOW                       0
LIGHT SNOW                0     SLEET                      0
FOG                       2     FOG W/VIS <= 1/4 MILE      0
HAZE                     19

-  INDICATES NEGATIVE NUMBERS.
R  INDICATES RECORD WAS SET OR TIED.
MM INDICATES DATA IS MISSING.
T  INDICATES TRACE AMOUNT.

$$

SEPTEMBER 2022 FINISHED WARMER THAN NORMAL ACROSS THE REGION.
PRECIPITATION WAS BELOW NORMAL OVER MOST OF CENTRAL WASHINGTON. THE
MONTH STARTED OFF HOT WITH HIGH TEMPERATURES ON THE 2ND REACHING THE
MID 90S IN WENATCHEE. FOR THE REMAINDER OF THE MONTH SMOKE FROM AREA
WILDFIRES WAS THE MAIN STORY, ALONG WITH SEVERE THUNDERSTORMS OVER
THE REGION ON THE 13TH.  ALTHOUGH A BRIEF DUST STORM ON THE 8TH WAS
ALSO NOTEWORTHY, CONTRIBUTING TO SEVERAL COLLISIONS ON HIGHWAY 2
NEAR HARTLINE.  THE 8TH THROUGH THE 15TH AS WELL AS THE 21ST THROUGH
THE 28TH BROUGHT SMOKE INT THE WENATCHEE AREA. WENATCHEE FOR SEVERAL
DAYS REPORTED AT LEAST A BRIEF PERIOD OF UNHEALTHY AIR QUALITY.
MEANWHILE AROUND LAKE WENATCHEE, CLOSER PROXIMITY TO THE FIRES
CONTRIBUTED TO VERY HEALTHY TO HAZARDOUS AIR QUALITY AT TIMES.
REGARDING THE THUNDERSTORMS ON THE 13TH, ABUNDANT LIGHTNING WAS
OBSERVED OVER THE REGION. A SEVERE THUNDERSTORM WITH QUARTER SIZED
HAIL OCCURRED 7 MILES SE OF OKANOGAN.  MEANWHILE IN OKANOGAN AND
MALAGA DIME SIZE HAIL WAS REPORTED.  ON THE 14TH A THUNDERSTORM
PRODUCED HEAVY RAIN ON SR 20, 7 MILES WNW OF MAZAMA, WHICH PRODUCED
A DEBRIS FLOW.

NO RECORDS WERE SET DURING THE MONTH AT THE WENATCHEE AIRPORT.
