000
CXUS53 KMPX 010635
CLMEAU

CLIMATE REPORT
NATIONAL WEATHER SERVICE TWIN CITIES/CHANHASSEN MN
135 AM CDT SAT OCT 01 2022

...................................

...THE EAU CLAIRE WI CLIMATE SUMMARY FOR THE MONTH OF SEPTEMBER 2022...

CLIMATE NORMAL PERIOD 1991 TO 2020
CLIMATE RECORD PERIOD 1893 TO 2022

WEATHER         OBSERVED          NORMAL  DEPART   LAST YEAR`S
                VALUE   DATE(S)   VALUE   FROM     VALUE DATE(S)
                                          NORMAL
................................................................
TEMPERATURE (F)
RECORD
 HIGH            101   09/10/1931
 LOW              22   09/30/1899
HIGHEST           88   09/01         82       6       89  09/19
                       09/07
LOWEST            30   09/28         41     -11       39  09/18
AVG. MAXIMUM    73.2               72.3     0.9     76.2
AVG. MINIMUM    50.7               49.3     1.4     49.8
MEAN            61.9               60.8     1.1     63.0
DAYS MAX >= 90     0                0.9    -0.9        0
DAYS MAX <= 32     0                0.0     0.0        0
DAYS MIN <= 32     2                0.9     1.1        0
DAYS MIN <= 0      0                0.0     0.0        0

PRECIPITATION (INCHES)
RECORD
 MAXIMUM       10.85   1986
 MINIMUM        0.19   1976
TOTALS          2.30               3.65   -1.35     1.85
DAILY AVG.      0.08               0.12   -0.04     0.06
DAYS >= .01        8               10.9    -2.9        7
DAYS >= .10        5                6.6    -1.6        3
DAYS >= .50        2                1.9     0.1        1
DAYS >= 1.00       0                1.0    -1.0        1
GREATEST
 24 HR. TOTAL   0.88   09/20 TO 09/20

SNOWFALL (INCHES)
RECORDS
 TOTAL           0.0   MM
TOTALS           0.0                0.0     0.0      0.0
SINCE 7/1        0.0                0.0     0.0       MM
SNOWDEPTH AVG.     0                                   0
DAYS >= 1.0        0                0.0     0.0        0
GREATEST
 SNOW DEPTH        0                                   0  MM
 24 HR TOTAL      MM

DEGREE DAYS
HEATING TOTAL    154                179     -25       89
 SINCE 7/1       158                217     -59       MM
COOLING TOTAL     68                 53      15       38
 SINCE 1/1       636                563      73       MM
................................................................

WIND (MPH)
AVERAGE WIND SPEED              6.2
HIGHEST WIND SPEED/DIRECTION    29/290    DATE  09/25
HIGHEST GUST SPEED/DIRECTION    40/310    DATE  09/25

SKY COVER
POSSIBLE SUNSHINE (PERCENT)   MM
AVERAGE SKY COVER           0.29
NUMBER OF DAYS FAIR           18
NUMBER OF DAYS PC             11
NUMBER OF DAYS CLOUDY          1

AVERAGE RH (PERCENT)     73

WEATHER CONDITIONS. NUMBER OF DAYS WITH
THUNDERSTORM              4     MIXED PRECIP               0
HEAVY RAIN                4     RAIN                       4
LIGHT RAIN                9     FREEZING RAIN              0
LT FREEZING RAIN          0     HAIL                       0
HEAVY SNOW                0     SNOW                       0
LIGHT SNOW                0     SLEET                      0
FOG                      21     FOG W/VIS <= 1/4 MILE      7
HAZE                      2

-  INDICATES NEGATIVE NUMBERS.
R  INDICATES RECORD WAS SET OR TIED.
MM INDICATES DATA IS MISSING.
T  INDICATES TRACE AMOUNT.

$$
