000
CXUS52 KAKQ 011008
CLMECG

CLIMATE REPORT
NATIONAL WEATHER SERVICE WAKEFIELD VA
608 AM EDT THU SEP 01 2022

...................................

...THE ELIZABETH CITY NC CLIMATE SUMMARY FOR THE MONTH OF AUGUST 2022...

CLIMATE NORMAL PERIOD: 1991 TO 2020
CLIMATE RECORD PERIOD: 1934 TO 2022

WEATHER         OBSERVED          NORMAL  DEPART   LAST YEAR`S
                VALUE   DATE(S)   VALUE   FROM     VALUE DATE(S)
                                          NORMAL
................................................................
TEMPERATURE (F)
RECORD
 HIGH            103   08/01/1980
 LOW              49   08/30/1965
HIGHEST           95   08/10         95       0       94  08/28
LOWEST            58   08/18         59      -1       63  08/06
AVG. MAXIMUM    87.6               86.8     0.8     88.3
AVG. MINIMUM    70.2               70.0     0.2     72.4
MEAN            78.9               78.4     0.5     80.3
DAYS MAX >= 90    12               10.0     2.0       17
DAYS MAX <= 32     0                0.0     0.0        0
DAYS MIN <= 32     0                0.0     0.0        0
DAYS MIN <= 0      0                0.0     0.0        0

PRECIPITATION (INCHES)
RECORD
 MAXIMUM        7.88   2021
 MINIMUM        7.88   2021
TOTALS          6.15R              5.32    0.83     7.88
DAILY AVG.      0.20               0.17    0.03     0.25
DAYS >= .01       10               11.8    -1.8       11
DAYS >= .10        7                7.4    -0.4        8
DAYS >= .50        4                3.7     0.3        6
DAYS >= 1.00       2                1.8     0.2        2
GREATEST
 24 HR. TOTAL   3.31   08/21 TO 08/22

DEGREE DAYS
HEATING TOTAL      0                  0       0        0
 SINCE 7/1         0                  0       0       MM
COOLING TOTAL    440                415      25      484
 SINCE 1/1      1542               1416     126       MM
................................................................

WIND (MPH)
AVERAGE WIND SPEED              6.8
HIGHEST WIND SPEED/DIRECTION    32/240    DATE  08/21
HIGHEST GUST SPEED/DIRECTION    42/270    DATE  08/01

SKY COVER
POSSIBLE SUNSHINE (PERCENT)   MM
AVERAGE SKY COVER           0.20

AVERAGE RH (PERCENT)     76

WEATHER CONDITIONS. NUMBER OF DAYS WITH
THUNDERSTORM              7     MIXED PRECIP               0
HEAVY RAIN                8     RAIN                       7
LIGHT RAIN               14     FREEZING RAIN              0
LT FREEZING RAIN          0     HAIL                       0
HEAVY SNOW                0     SNOW                       0
LIGHT SNOW                0     SLEET                      0
FOG                      17     FOG W/VIS <= 1/4 MILE      6
HAZE                      1

-  INDICATES NEGATIVE NUMBERS.
R  INDICATES RECORD WAS SET OR TIED.
MM INDICATES DATA IS MISSING.
T  INDICATES TRACE AMOUNT.

$$
