000
CXUS55 KGJT 010949
CLMEEO

CLIMATE REPORT
NATIONAL WEATHER SERVICE GRAND JUNCTION CO
349 AM MDT THU SEP 01 2022

...................................

...THE MEEKER CO CLIMATE SUMMARY FOR THE MONTH OF AUGUST 2022...

CLIMATE NORMAL PERIOD 1991 TO 2020
CLIMATE RECORD PERIOD 9999 TO 9999

WEATHER         OBSERVED          NORMAL  DEPART   LAST YEAR`S
                VALUE   DATE(S)   VALUE   FROM     VALUE DATE(S)
                                          NORMAL
................................................................
TEMPERATURE (F)
HIGHEST           93   08/10         MM      MM       93  08/13
                                                          08/14
LOWEST            42   08/29         MM      MM       39  08/21
AVG. MAXIMUM    85.4               84.8     0.6     84.1
AVG. MINIMUM    49.8               48.9     0.9     47.0
MEAN            67.6               66.8     0.8     65.6
DAYS MAX >= 90     7                5.2     1.8        5
DAYS MAX <= 32     0                0.0     0.0        0
DAYS MIN <= 32     0                0.0     0.0        0
DAYS MIN <= 0      0                0.0     0.0        0

PRECIPITATION (INCHES)
TOTALS          0.81               1.33   -0.52     1.01
DAILY AVG.      0.03               0.04   -0.01     0.03
DAYS >= .01       10                9.7     0.3        5
DAYS >= .10        2                4.2    -2.2        3
DAYS >= .50        0                0.5    -0.5        0
DAYS >= 1.00       0                0.0     0.0        0
GREATEST
 24 HR. TOTAL   0.37   08/02 TO 08/02               0.48

SNOWFALL (INCHES)
TOTALS            MM                 MM      MM       MM
SINCE 7/1         MM                 MM      MM       MM
SNOWDEPTH AVG.    MM                                  MM
DAYS >= 1.0       MM                 MM      MM       MM
GREATEST
 SNOW DEPTH       MM                                  MM  MM
 24 HR TOTAL      MM                                  MM

DEGREE DAYS
HEATING TOTAL     10                 25     -15       34
 SINCE 7/1        12                 31     -19       36
COOLING TOTAL     98                 82      16       61
 SINCE 1/1       268                235      33      316
................................................................

WIND (MPH)
AVERAGE WIND SPEED              5.3
HIGHEST WIND SPEED/DIRECTION    36/020    DATE  08/23
HIGHEST GUST SPEED/DIRECTION    46/020    DATE  08/23

SKY COVER
POSSIBLE SUNSHINE (PERCENT)   MM
AVERAGE SKY COVER           0.16
NUMBER OF DAYS FAIR           27
NUMBER OF DAYS PC              4
NUMBER OF DAYS CLOUDY          0

AVERAGE RH (PERCENT)     52

WEATHER CONDITIONS. NUMBER OF DAYS WITH
THUNDERSTORM             12     MIXED PRECIP               0
HEAVY RAIN                3     RAIN                       2
LIGHT RAIN               13     FREEZING RAIN              0
LT FREEZING RAIN          0     HAIL                       0
HEAVY SNOW                0     SNOW                       0
LIGHT SNOW                0     SLEET                      0
FOG                       1     FOG W/VIS <= 1/4 MILE      0
HAZE                      0

-  INDICATES NEGATIVE NUMBERS.
R  INDICATES RECORD WAS SET OR TIED.
MM INDICATES DATA IS MISSING.
T  INDICATES TRACE AMOUNT.

$$
