000
CXUS56 KEKA 021340
CLMEKA

SFOCLMEKA 000
TTAA00 EKA 021320

CLIMATE REPORT
NATIONAL WEATHER SERVICE EUREKA CA
618 AM PDT FRI SEP 02 2022

...................................

...THE EUREKA CA CLIMATE SUMMARY FOR THE MONTH OF AUGUST 2022...

CLIMATE NORMAL PERIOD: 1991 TO 2020
CLIMATE RECORD PERIOD: 1886 TO 2022

WEATHER         OBSERVED          NORMAL  DEPART   LAST YEAR`S
                VALUE   DATE(S)   VALUE   FROM     VALUE
                                          NORMAL
..............................................................
TEMPERATURE (F)
RECORD
 HIGH             82   08/07/1991
                       08/30/1968
 LOW              44   08/16/1935
HIGHEST           73   08/10         MM      MM       69
LOWEST            50   08/28         MM      MM       45
AVG. MAXIMUM    65.7               64.0     1.7     63.4
AVG. MINIMUM    54.7               53.0     1.7     51.7
MEAN            60.2               58.5     1.7     57.5
DAYS MAX >= 90     0
DAYS MIN <= 32     0

PRECIPITATION (INCHES)
RECORD
 MAXIMUM        3.42   1983
 MINIMUM        0.00   1940
TOTALS          0.11               0.18   -0.07
DAYS >= .01        6                3.5     2.5        3
DAYS >= .10        0                0.5    -0.5        0
DAYS >= .50        0                0.0     0.0        0
DAYS >= 1.00       0                0.0     0.0        0
GREATEST
 24 HR. TOTAL   0.03   08/27 TO 08/27

 LIQUID 7/1       MM                         MM

DEGREE DAYS
HEATING TOTAL    139                202     -63      224
 SINCE 7/1       335                420     -85       MM
COOLING TOTAL      0                  1      -1        0
 SINCE 1/1         1                  1       0       MM
..............................................................

WIND (MPH)
AVERAGE WIND SPEED              3.9
HIGHEST WIND SPEED/DIRECTION    12/320    DATE  08/13
                                12/260          08/17
                                12/310          08/19
HIGHEST GUST SPEED/DIRECTION    16/MM     DATE  08/13

SKY COVER
POSSIBLE SUNSHINE (PERCENT)   MM
AVERAGE SKY COVER           0.75
NUMBER OF DAYS FAIR            2
NUMBER OF DAYS PC             12
NUMBER OF DAYS CLOUDY         17


WEATHER CONDITIONS. NUMBER OF DAYS WITH
THUNDERSTORM              0     HEAVY RAIN                 0
RAIN                      0     LIGHT RAIN                 8
HAIL                      0     SLEET                      0
FOG                      16     FOG W/VIS <= 1/4 MILE      5
HAZE                      2

-  INDICATES NEGATIVE NUMBERS.
R  INDICATES RECORD WAS SET OR TIED.
MM INDICATES DATA IS MISSING.
T  INDICATES TRACE AMOUNT.

$$

SUMMARY...AUGUST WAS A GENERALLY QUIET MONTH AROUND HUMBOLDT BAY. A
SERIES OF DEEP TROUGH PASSAGE EARLY IN THE MONTH ALLOWED FOR DEEP
MARINE INFLUENCE TO SPREAD INLAND WITH THE MARINE LAYER AS HIGH AS
3500 FEET. THE LEE OF THE TROUGHS ALSO HELPED GENERATE SEVERAL DAYS
OF GENTLE OFFSHORE WINDS, ALLOWING THE COAST TO CLEAR AND REACH INTO
THE 70S 4 TIMES. THIS HELPED SPUR SLIGHTLY WARMER THAN NORMAL
TEMPERATURES FOR THE MONTH. ALTHOUGH DRIZZLE WAS A COMMON FEATURE ON
THE COAST, PRECIPITATION STILL FELL BELOW AVERAGE. THAT SAID, THE
NORMAL FOR AUGUST IS ONLY A MEAGER 0.18 INCHES. WHILE THE START OF
THE MONTH HAD UNUSUALLY LITTLE FOG, IN USUAL SUMMER FASHION EVERY
DAY AFTER THE 15TH SAW AT LEAST SOME MIST.
