000
CXUS51 KRLX 020455
CLMEKN

CLIMATE REPORT
NATIONAL WEATHER SERVICE CHARLESTON WV
1255 AM EDT FRI SEP 02 2022

...................................

...THE ELKINS WV CLIMATE SUMMARY FOR THE MONTH OF AUGUST 2022...

CLIMATE NORMAL PERIOD: 1991 TO 2020
CLIMATE RECORD PERIOD: 1899 TO 2022

WEATHER         OBSERVED          NORMAL  DEPART   LAST YEAR`S
                VALUE   DATE(S)   VALUE   FROM     VALUE
                                          NORMAL
..............................................................
TEMPERATURE (F)
RECORD
 HIGH             99   08/06/1918
 LOW              34   08/29/1965
HIGHEST           89   08/28                          93
                       08/29
LOWEST            51   08/13                          52
AVG. MAXIMUM    81.4               82.1    -0.7     83.8
AVG. MINIMUM    60.8               58.4     2.4     62.0
MEAN            71.1               70.2     0.9     72.9
DAYS MAX >= 90     0                1.1    -1.1        5
DAYS MAX <= 32     0                0.0     0.0        0
DAYS MAX >= 80    19                                  24
DAYS MIN <= 32     0                0.0     0.0        0
DAYS MIN <= 0      0                0.0     0.0        0
DAYS MIN <= 10     0                                   0
DAYS MIN <= -5     0                                   0

PRECIPITATION (INCHES)
RECORD
 MAXIMUM       10.42   1911
 MINIMUM        0.83   1939
TOTALS          8.10               3.87    4.23     3.73
DAILY AVG.      0.26               0.12    0.14     0.12
DAYS >= .01       18               12.7     5.3       18
DAYS >= .10       12                7.9     4.1        6
DAYS >= .50        5                2.6     2.4        4
DAYS >= 1.00       3                0.7     2.3        0
GREATEST
 24 HR. TOTAL   2.18   08/10 TO 08/11               1.23

DEGREE DAYS
HEATING TOTAL      0                 10     -10        0
 SINCE 7/1         0                  9      -9       MM
COOLING TOTAL    198                172      26      253
 SINCE 1/1       582                542      40       MM

FREEZE DATES
RECORD
 EARLIEST     MM
 LATEST       MM
EARLIEST                        MM
LATEST                          05/09
..............................................................

WIND (MPH)
AVERAGE WIND SPEED              2.4
HIGHEST WIND SPEED/DIRECTION    24/140    DATE  08/04
                                24/300          08/30
HIGHEST GUST SPEED/DIRECTION    46/120    DATE  08/04

SKY COVER
POSSIBLE SUNSHINE (PERCENT)   MM
AVERAGE SKY COVER           0.57
NUMBER OF DAYS FAIR            1
NUMBER OF DAYS PC             23
NUMBER OF DAYS CLOUDY          6

AVERAGE RH (PERCENT)     76

WEATHER CONDITIONS. NUMBER OF DAYS WITH
THUNDERSTORM             13     MIXED PRECIP               0
HEAVY RAIN               11     RAIN                      11
LIGHT RAIN               18     FREEZING RAIN              0
LT FREEZING RAIN          0     HAIL                       0
HEAVY SNOW                0     SNOW                       0
LIGHT SNOW                0     SLEET                      0
FOG                      29     FOG W/VIS <= 1/4 MILE     19
HAZE                      1

-  INDICATES NEGATIVE NUMBERS.
R  INDICATES RECORD WAS SET OR TIED.
MM INDICATES DATA IS MISSING.
T  INDICATES TRACE AMOUNT.

$$
