000
CXUS55 KLKN 022112
CLMEKO

CLIMATE REPORT
NATIONAL WEATHER SERVICE ELKO, NV
212 PM PDT SUN OCT 02 2022

...................................

...THE ELKO AIRPORT NV CLIMATE SUMMARY FOR THE MONTH OF SEPTEMBER 2022...

CLIMATE NORMAL PERIOD 1991 TO 2020
CLIMATE RECORD PERIOD 1888 TO 2022

WEATHER         OBSERVED          NORMAL  DEPART   LAST YEAR`S
                VALUE   DATE(S)   VALUE   FROM     VALUE DATE(S)
                                          NORMAL
................................................................
TEMPERATURE (F)
RECORD
 HIGH            102   09/06/2022
 LOW               9   09/26/1934
                       09/24/1891
HIGHEST          102R  09/06         92      10       97  09/08
                                                          09/09
LOWEST            35   09/23         24      11       24  09/29
                       09/24
                       09/30
AVG. MAXIMUM    84.7               80.1     4.6     83.2
AVG. MINIMUM    45.4               40.5     4.9     40.1
MEAN            65.0               60.3     4.7     61.6
DAYS MAX >= 90     9                2.7     6.3        5
DAYS MAX <= 32     0                0.0     0.0        0
DAYS MIN <= 32     0                5.8    -5.8        4
DAYS MIN <= 0      0                0.0     0.0        0

PRECIPITATION (INCHES)
RECORD
 MAXIMUM        3.22   1978
 MINIMUM        0.00   2018
TOTALS          0.57               0.59   -0.02     0.17
DAILY AVG.      0.02               0.02    0.00     0.01
DAYS >= .01        5                3.9     1.1        3
DAYS >= .10        3                1.6     1.4        1
DAYS >= .50        0                0.3    -0.3        0
DAYS >= 1.00       0                0.0     0.0        0
GREATEST
 24 HR. TOTAL   0.29   09/14 TO 09/15               0.15

SNOWFALL (INCHES)
RECORDS
 TOTAL           2.0   1982
TOTALS           0.0                0.0     0.0      0.0
SINCE 7/1        0.0                0.0     0.0       MM
SNOWDEPTH AVG.     0                                   0
DAYS >= TRACE      0                0.0     0.0        0
DAYS >= 1.0        0                0.0     0.0        0
DAYS >= 1.0        0                                   0
GREATEST
 SNOW DEPTH        0                                   0
 24 HR TOTAL      MM                                 0.0

DEGREE DAYS
HEATING TOTAL     99                172     -73      132
 SINCE 7/1       102                209    -107       MM
COOLING TOTAL    107                 31      76       39
 SINCE 1/1       740                493     247       MM
................................................................

WIND (MPH)
AVERAGE WIND SPEED              5.4
HIGHEST WIND SPEED/DIRECTION    35/170    DATE  09/07
HIGHEST GUST SPEED/DIRECTION    54/270    DATE  09/08

AVERAGE RH (PERCENT)     38

WEATHER CONDITIONS. NUMBER OF DAYS WITH
THUNDERSTORM              3     MIXED PRECIP               0
HEAVY RAIN                1     RAIN                       1
LIGHT RAIN                5     FREEZING RAIN              0
LT FREEZING RAIN          0     HAIL                       0
HEAVY SNOW                0     SNOW                       0
LIGHT SNOW                0     SLEET                      0
FOG                       3     FOG W/VIS <= 1/4 MILE      1
HAZE                      1

-  INDICATES NEGATIVE NUMBERS.
R  INDICATES RECORD WAS SET OR TIED.
MM INDICATES DATA IS MISSING.
T  INDICATES TRACE AMOUNT.
======================================================================

...SEPTEMBER IN ELKO WAS WARMER AND BARELY DRIER THAN NORMAL…
...SEPTEMBER 2022 IN ELKO WAS THE 2ND WARMEST SEPTEMBER ON RECORD...

...A RECORD HIGH TEMPERATURE OF 98 DEGREES WAS SET ON SEPTEMBER 1ST...
...A RECORD HIGH TEMPERATURE OF 100 DEGREES WAS SET ON SEPTEMBER 2ND...
...A RECORD HIGH TEMPERATURE OF 101 DEGREES WAS SET ON SEPTEMBER 3RD...
...A RECORD HIGH TEMPERATURE OF 101 DEGREES WAS SET ON SEPTEMBER 5TH...
...A RECORD HIGH TEMPERATURE OF 102 DEGREES WAS SET ON SEPTEMBER 6TH...
...A RECORD HIGH TEMPERATURE OF 101 DEGREES WAS SET ON SEPTEMBER 7TH…

THE PERIOD OF RECORD FOR THE ELKO AREA BEGAN IN 1888 AND THE CLIMATOLOGICAL NORMAL IS FROM 1991-2020.

$$
