000
CXUS56 KPDT 050258
CLMELN

CLIMATE REPORT
NATIONAL WEATHER SERVICE PENDLETON, OR
758 PM PDT TUE OCT 04 2022

...................................

...THE ELLENSBURG WA CLIMATE SUMMARY FOR THE MONTH OF SEPTEMBER 2022...

CLIMATE NORMAL PERIOD 1991 TO 2020
CLIMATE RECORD PERIOD 1940 TO 2022

WEATHER         OBSERVED          NORMAL  DEPART   LAST YEAR`S
                VALUE   DATE(S)   VALUE   FROM     VALUE DATE(S)
                                          NORMAL
................................................................
TEMPERATURE (F)
RECORD
 HIGH             99   09/11/2011
                       09/04/2006
 LOW              26   09/23/2000
HIGHEST           97   09/01                          89  09/07
LOWEST            37   09/17                          38  09/21
                                                          09/28
                                                          09/29
AVG. MAXIMUM    81.2               77.5     3.7     75.6
AVG. MINIMUM    49.8               46.9     2.9     46.9
MEAN            65.5                                61.3
DAYS MAX >= 90     2                                   0
DAYS MAX <= 32     0                                   0
DAYS MIN <= 32     0                                   0
DAYS MIN <= 0      0                                   0

PRECIPITATION (INCHES)
RECORD
 MAXIMUM        1.69   2010
 MINIMUM           T   2012
TOTALS          0.15               0.37   -0.22     0.35
DAILY AVG.      0.00               0.01   -0.01     0.01
DAYS >= .01        2                                   3
DAYS >= .10        1                                   1
DAYS >= .50        0                                   0
DAYS >= 1.00       0                                   0
GREATEST
 24 HR. TOTAL   0.14   09/18 TO 09/18               0.24  09/10 TO 09/10


DEGREE DAYS
HEATING TOTAL     44
 SINCE 7/1        46
COOLING TOTAL     65
 SINCE 1/1       763
................................................................

WIND (MPH)
AVERAGE WIND SPEED              9.0
RESULTANT WIND SPEED/DIRECTION   6/320
HIGHEST WIND SPEED/DIRECTION    37/300    DATE  09/22
HIGHEST GUST SPEED/DIRECTION    48/280    DATE  09/22

AVERAGE RH (PERCENT)     49

WEATHER CONDITIONS. NUMBER OF DAYS WITH
THUNDERSTORM              0     MIXED PRECIP               0
HEAVY RAIN                0     RAIN                       1
LIGHT RAIN                4     FREEZING RAIN              0
LT FREEZING RAIN          0     HAIL                       0
HEAVY SNOW                0     SNOW                       0
LIGHT SNOW                0     SLEET                      0
FOG                       2     FOG W/VIS <= 1/4 MILE      0
HAZE                      3

-  INDICATES NEGATIVE NUMBERS.
R  INDICATES RECORD WAS SET OR TIED.
MM INDICATES DATA IS MISSING.
T  INDICATES TRACE AMOUNT.

$$
