000
CXUS54 KEPZ 010944
CLMELP

CLIMATE REPORT
NATIONAL WEATHER SERVICE EL PASO TX/SANTA TERESA NM
344 AM MDT THU SEP 01 2022

...................................

...THE EL PASO CLIMATE SUMMARY FOR THE MONTH OF AUGUST 2022...

CLIMATE NORMAL PERIOD 1991 TO 2020
CLIMATE RECORD PERIOD 1879 TO 2022

WEATHER         OBSERVED          NORMAL  DEPART   LAST YEAR`S
                VALUE   DATE(S)   VALUE   FROM     VALUE DATE(S)
                                          NORMAL
................................................................
TEMPERATURE (F)
RECORD
 HIGH            108   08/02/1980
 LOW              52   08/10/1880
HIGHEST          104   08/01         95       9      100  08/07
                                                          08/08
LOWEST            67   08/17         65       2       65  08/12
                       08/20
                       08/30
                                                          08/15
AVG. MAXIMUM    92.6               94.0    -1.4     92.0
AVG. MINIMUM    71.1               71.8    -0.7     70.6
MEAN            81.9               82.9    -1.0     81.3
DAYS MAX >= 90    19               25.6    -6.6       25
DAYS MAX <= 32     0                0.0     0.0        0
DAYS MIN <= 32     0                0.0     0.0        0
DAYS MIN <= 0      0                0.0     0.0        0

PRECIPITATION (INCHES)
RECORD
 MAXIMUM        6.85   2006
 MINIMUM        0.00   1962
TOTALS          2.84               1.67    1.17     2.46
DAYS >= .01       11                                  12
DAYS >= .10        5                                   6
DAYS >= .50        2                                   1
DAYS >= 1.00       0                                   1
GREATEST
 24 HR. TOTAL   1.19   08/19 TO 08/20

DEGREE DAYS
HEATING TOTAL      0                  0       0        0
 SINCE 7/1         0                  0       0       MM
COOLING TOTAL    531                555     -24      517
 SINCE 1/1      2426               2183     243       MM

FREEZE DATES
RECORD
 EARLIEST     10/16/1880
 LATEST       05/02/1967
EARLIEST                        MM
LATEST                          03/13
................................................................

WIND (MPH)
AVERAGE WIND SPEED              7.4
HIGHEST WIND SPEED/DIRECTION    32/210    DATE  08/03
HIGHEST GUST SPEED/DIRECTION    45/210    DATE  08/03

SKY COVER
AVERAGE SKY COVER           0.57

AVERAGE RH (PERCENT)     49

WEATHER CONDITIONS. NUMBER OF DAYS WITH
THUNDERSTORM             15     MIXED PRECIP               0
HEAVY RAIN                2     RAIN                       5
LIGHT RAIN               15     FREEZING RAIN              0
LT FREEZING RAIN          0     HAIL                       0
HEAVY SNOW                0     SNOW                       0
LIGHT SNOW                0     SLEET                      0
FOG                       3     FOG W/VIS <= 1/4 MILE      0
HAZE                      6

-  INDICATES NEGATIVE NUMBERS.
R  INDICATES RECORD WAS SET OR TIED.
MM INDICATES DATA IS MISSING.
T  INDICATES TRACE AMOUNT.

$$
