000
CXUS55 KLKN 022112
CLMELY

CLIMATE REPORT
NATIONAL WEATHER SERVICE ELKO, NV
212 PM PDT SUN OCT 02 2022

...................................

...THE ELY AIRPORT NV CLIMATE SUMMARY FOR THE MONTH OF SEPTEMBER 2022...

CLIMATE NORMAL PERIOD 1991 TO 2020
CLIMATE RECORD PERIOD 1893 TO 2022

WEATHER         OBSERVED          NORMAL  DEPART   LAST YEAR`S
                VALUE   DATE(S)   VALUE   FROM     VALUE DATE(S)
                                          NORMAL
................................................................
TEMPERATURE (F)
RECORD
 HIGH             97   09/06/2022
 LOW              15   09/22/1968
                       09/21/1968
                       09/21/1895
HIGHEST           97R  09/06         88       9       94  09/07
                                                          09/08
LOWEST            33   09/22         24       9       19  09/30
                       09/23
AVG. MAXIMUM    81.3               78.0     3.3     80.9
AVG. MINIMUM    44.3               38.8     5.5     39.3
MEAN            62.8               58.4     4.4     60.1
DAYS MAX >= 90     8                0.7     7.3        5
DAYS MAX <= 32     0                0.0     0.0        0
DAYS MIN <= 32     0                6.5    -6.5        5
DAYS MIN <= 0      0                0.0     0.0        0

PRECIPITATION (INCHES)
RECORD
 MAXIMUM        4.99   1982
 MINIMUM           T   1953
TOTALS          1.63               0.64    0.99     0.16
DAILY AVG.      0.05               0.02    0.03     0.01
DAYS >= .01        4                4.7    -0.7        4
DAYS >= .10        3                1.9     1.1        0
DAYS >= .50        2                0.2     1.8        0
DAYS >= 1.00       0                0.0     0.0        0
GREATEST
 24 HR. TOTAL   0.73   09/14 TO 09/15               0.08

SNOWFALL (INCHES)
RECORDS
 TOTAL           6.3   1982
TOTALS           0.0                0.2    -0.2      0.0
SINCE 7/1        0.0                0.2    -0.2       MM
SNOWDEPTH AVG.     0                                   0
DAYS >= TRACE      0                0.0     0.0        0
DAYS >= 1.0        0                0.0     0.0        0
DAYS >= 1.0        0                                   0
GREATEST
 SNOW DEPTH        0                                   0
 24 HR TOTAL      MM                                 0.0

DEGREE DAYS
HEATING TOTAL    129                210     -81      161
 SINCE 7/1       131                251    -120       MM
COOLING TOTAL     72                 12      60       24
 SINCE 1/1       497                300     197       MM
................................................................

WIND (MPH)
AVERAGE WIND SPEED              9.2
HIGHEST WIND SPEED/DIRECTION    35/170    DATE  09/21
HIGHEST GUST SPEED/DIRECTION    57/260    DATE  09/07

AVERAGE RH (PERCENT)     42

WEATHER CONDITIONS. NUMBER OF DAYS WITH
THUNDERSTORM              4     MIXED PRECIP               0
HEAVY RAIN                2     RAIN                       3
LIGHT RAIN                4     FREEZING RAIN              0
LT FREEZING RAIN          0     HAIL                       0
HEAVY SNOW                0     SNOW                       0
LIGHT SNOW                0     SLEET                      0
FOG                       3     FOG W/VIS <= 1/4 MILE      0
HAZE                      6

-  INDICATES NEGATIVE NUMBERS.
R  INDICATES RECORD WAS SET OR TIED.
MM INDICATES DATA IS MISSING.
T  INDICATES TRACE AMOUNT.
======================================================================

...SEPTEMBER IN ELY WAS WARMER AND WETTER THAN NORMAL…
...SEPTEMBER 2022 IN ELY WAS THE WARMEST SEPTEMBER ON RECORD...

...A RECORD HIGH TEMPERATURE OF 93 DEGREES WAS SET ON SEPTEMBER 1ST...
...A RECORD HIGH TEMPERATURE OF 95 DEGREES WAS SET ON SEPTEMBER 2ND...
...A RECORD HIGH TEMPERATURE OF 96 DEGREES WAS SET ON SEPTEMBER 3RD...
...A RECORD HIGH TEMPERATURE OF 95 DEGREES WAS TIED ON SEPTEMBER 4TH...
...A RECORD HIGH TEMPERATURE OF 96 DEGREES WAS SET ON SEPTEMBER 5TH…
...A RECORD HIGH TEMPERATURE OF 97 DEGREES WAS SET ON SEPTEMBER 6TH…
...A RECORD HIGH TEMPERATURE OF 95 DEGREES WAS SET ON SEPTEMBER 7TH…
...A RECORD DAILY MAX RAINFALL OF 0.40 INCHES WAS SET ON SEPTEMBER 13TH…
...A RECORD DAILY MAX RAINFALL OF 0.57 INCHES WAS SET ON SEPTEMBER 14TH…
...A RECORD DAILY MAX RAINFALL OF 0.63 INCHES WAS SET ON SEPTEMBER 15TH...

THE PERIOD OF RECORD FOR THE ELY AREA BEGAN IN 1893 AND THE CLIMATOLOGICAL NORMAL IS FROM 1991-2020.

$$
