000
CXUS53 KTOP 011433
CLMEMP

CLIMATE REPORT
NATIONAL WEATHER SERVICE TOPEKA KS
933 AM CDT THU SEP 01 2022

...................................

...THE EMPORIA KS CLIMATE SUMMARY FOR THE MONTH OF AUGUST 2022...

CLIMATE NORMAL PERIOD 1991 TO 2020

WEATHER         OBSERVED          NORMAL  DEPART   LAST YEAR`S
                VALUE   DATE(S)   VALUE   FROM     VALUE
                                          NORMAL
..............................................................
TEMPERATURE (F)
HIGHEST          105   08/02                         100
LOWEST            58   08/12                          58
AVG. MAXIMUM    93.7               89.2     4.5     90.9
AVG. MINIMUM    67.3               65.8     1.5     69.4
MEAN            80.5               77.5     3.0     80.2
DAYS MAX >= 90    24               15.6     8.4       17
DAYS MAX <= 32     0                0.0     0.0        0
DAYS MIN <= 32     0                0.0     0.0        0
DAYS MIN <= 0      0                0.0     0.0        0

PRECIPITATION (INCHES)
TOTALS          3.25               3.86   -0.61     0.35
DAILY AVG.      0.10                                0.06
DAYS >= .01        7                                   5
DAYS >= .10        4                                   2
DAYS >= .50        3                                   0
DAYS >= 1.00       1                                   0
GREATEST
 24 HR. TOTAL   1.99   08/19 TO 08/20               0.15


DEGREE DAYS
HEATING TOTAL      0                  1      -1        0
 SINCE 7/1         0                  0       0       MM
COOLING TOTAL    488                388     100      478
 SINCE 1/1      1579               1230     349       MM
..............................................................

WIND (MPH)
AVERAGE WIND SPEED              7.6
HIGHEST WIND SPEED/DIRECTION    25/190    DATE  08/06
HIGHEST GUST SPEED/DIRECTION    34/180    DATE  08/06

SKY COVER
POSSIBLE SUNSHINE (PERCENT)   MM
AVERAGE SKY COVER           0.16
NUMBER OF DAYS FAIR           24
NUMBER OF DAYS PC              6
NUMBER OF DAYS CLOUDY          1

AVERAGE RH (PERCENT)     63

WEATHER CONDITIONS. NUMBER OF DAYS WITH
THUNDERSTORM              8     MIXED PRECIP               0
HEAVY RAIN                5     RAIN                       4
LIGHT RAIN                8     FREEZING RAIN              0
LT FREEZING RAIN          0     HAIL                       0
HEAVY SNOW                0     SNOW                       0
LIGHT SNOW                0     SLEET                      0
FOG                      10     FOG W/VIS <= 1/4 MILE      0
HAZE                      1

-  INDICATES NEGATIVE NUMBERS.
R  INDICATES RECORD WAS SET OR TIED.
MM INDICATES DATA IS MISSING.
T  INDICATES TRACE AMOUNT.

$$
