000
CXUS56 KOTX 010853
CLMEPH

CLIMATE REPORT
NATIONAL WEATHER SERVICE SPOKANE WA
153 AM PDT SAT OCT 01 2022

...................................

...THE EPHRATA WA AIRPORT CLIMATE SUMMARY FOR THE MONTH OF SEPTEMBER 2022...

CLIMATE NORMAL PERIOD 1991 TO 2020
CLIMATE RECORD PERIOD 9999 TO 9999

WEATHER         OBSERVED          NORMAL  DEPART   LAST YEAR`S
                VALUE   DATE(S)   VALUE   FROM     VALUE DATE(S)
                                          NORMAL
................................................................
TEMPERATURE (F)
RECORD
 HIGH            106   09/03/1988
 LOW              28   09/23/2000
HIGHEST           99   09/02         MM      MM       90  09/07
                                                          09/08
LOWEST            44   09/17         MM      MM       40  09/29
                       09/23
AVG. MAXIMUM    82.1               78.5     3.6     77.0
AVG. MINIMUM    53.7               50.6     3.1     49.6
MEAN            67.9               64.5     3.4     63.3
DAYS MAX >= 90     3                3.3    -0.3        2
DAYS MAX <= 32     0                0.0     0.0        0
DAYS MIN <= 32     0                0.1    -0.1        0
DAYS MIN <= 0      0                0.0     0.0        0

PRECIPITATION (INCHES)
RECORD
 MAXIMUM        1.68   1986
 MINIMUM        0.00   1999
TOTALS             T               0.22   -0.22     0.85
DAILY AVG.         T               0.01   -0.01     0.03
DAYS >= .01        0                2.6    -2.6        4
DAYS >= .10        0                0.7    -0.7        2
DAYS >= .50        0                0.0     0.0        1
DAYS >= 1.00       0                0.0     0.0        0
GREATEST
 24 HR. TOTAL      T   09/18 TO 09/18               0.63
                       09/28 TO 09/28
                       09/29 TO 09/29


DEGREE DAYS
HEATING TOTAL     24                 94     -70       96
 SINCE 7/1        24                107     -83       MM
COOLING TOTAL    117                 80      37       52
 SINCE 1/1      1096                841     255       MM
................................................................

WIND (MPH)
AVERAGE WIND SPEED              7.3
HIGHEST WIND SPEED/DIRECTION    33/350    DATE  09/18
HIGHEST GUST SPEED/DIRECTION    38/320    DATE  09/07
                                38/350          09/18

SKY COVER
POSSIBLE SUNSHINE (PERCENT)   MM
AVERAGE SKY COVER           0.10
NUMBER OF DAYS FAIR           28
NUMBER OF DAYS PC              2
NUMBER OF DAYS CLOUDY          0

AVERAGE RH (PERCENT)     43

WEATHER CONDITIONS. NUMBER OF DAYS WITH
THUNDERSTORM              0     MIXED PRECIP               0
HEAVY RAIN                0     RAIN                       0
LIGHT RAIN                4     FREEZING RAIN              0
LT FREEZING RAIN          0     HAIL                       0
HEAVY SNOW                0     SNOW                       0
LIGHT SNOW                0     SLEET                      0
FOG                       2     FOG W/VIS <= 1/4 MILE      0
HAZE                     10

-  INDICATES NEGATIVE NUMBERS.
R  INDICATES RECORD WAS SET OR TIED.
MM INDICATES DATA IS MISSING.
T  INDICATES TRACE AMOUNT.

$$
