000
CXUS51 KCLE 021834
CLMERI

CLIMATE REPORT
NATIONAL WEATHER SERVICE CLEVELAND, OH
234 PM EDT FRI SEP 02 2022

...................................

...THE ERIE PA CLIMATE SUMMARY FOR THE MONTH OF AUGUST 2022...

CLIMATE NORMAL PERIOD 1991 TO 2020
CLIMATE RECORD PERIOD 1873 TO 2022

WEATHER         OBSERVED          NORMAL  DEPART   LAST YEAR`S
                VALUE   DATE(S)   VALUE   FROM     VALUE
                                          NORMAL
..............................................................
TEMPERATURE (F)
RECORD
 HIGH             96   08/06/1918
 LOW              37   08/29/1982
HIGHEST           91   08/03
LOWEST            55   08/13
AVG. MAXIMUM    80.1               79.9     0.2     82.7
AVG. MINIMUM    64.4               63.2     1.2     67.8
MEAN            72.3               71.5     0.8     75.3
DAYS MAX >= 90     2                1.1     0.9        2
DAYS MAX <= 32     0                0.0     0.0        0
DAYS MIN <= 32     0                0.0     0.0        0
DAYS MIN <= 0      0                0.0     0.0        0

PRECIPITATION (INCHES)
RECORD
 MAXIMUM       11.06   1977
 MINIMUM        0.29   1929
TOTALS          3.49               3.35    0.14     3.37
DAYS >= .01       12               10.2     1.8       10
DAYS >= .10        6                6.3    -0.3        8
DAYS >= .50        1                2.1    -1.1        2
DAYS >= 1.00       1                0.7     0.3        0
GREATEST
 24 HR. TOTAL   2.22   08/21 TO 08/21               0.84

SNOWFALL (INCHES)
RECORDS
 TOTAL             T   1992
TOTALS           0.0                0.0     0.0      0.0
SINCE 7/1        0.0                0.0     0.0      0.0
DAYS >= 1.0        0                0.0     0.0        0
GREATEST
 24 HR TOTAL     0.0

DEGREE DAYS
HEATING TOTAL      0                  7      -7        0
 SINCE 7/1         0                  7      -7        0
COOLING TOTAL    235                210      25      326
 SINCE 1/1       666                649      17      906
..............................................................

WIND (MPH)
AVERAGE WIND SPEED              7.9
HIGHEST WIND SPEED/DIRECTION    26/260    DATE  08/08
HIGHEST GUST SPEED/DIRECTION    37/280    DATE  08/08

SKY COVER
AVERAGE SKY COVER           0.33

AVERAGE RH (PERCENT)     72

WEATHER CONDITIONS. NUMBER OF DAYS WITH
THUNDERSTORM              8     MIXED PRECIP               0
HEAVY RAIN                7     RAIN                       4
LIGHT RAIN               14     FREEZING RAIN              0
LT FREEZING RAIN          0     HAIL                       0
HEAVY SNOW                0     SNOW                       0
LIGHT SNOW                0     SLEET                      0
FOG                      11     FOG W/VIS <= 1/4 MILE      2
HAZE                      3

-  INDICATES NEGATIVE NUMBERS.
R  INDICATES RECORD WAS SET OR TIED.
MM INDICATES DATA IS MISSING.
T  INDICATES TRACE AMOUNT.

$$
