000
CXUS56 KPQR 011533
CLMEUG

CLIMATE REPORT
NATIONAL WEATHER SERVICE PORTLAND OREGON
833 AM PDT SAT OCT 01 2022

...................................

...THE EUGENE OR CLIMATE SUMMARY FOR THE MONTH OF SEPTEMBER 2022...

CLIMATE NORMAL PERIOD 1991 TO 2020
CLIMATE RECORD PERIOD 1892 TO 2022

WEATHER         OBSERVED          NORMAL  DEPART   LAST YEAR`S
                VALUE   DATE(S)   VALUE   FROM     VALUE DATE(S)
                                          NORMAL
................................................................
TEMPERATURE (F)
HIGHEST           92                                  91  09/08
LOWEST            43                                  44  09/03
                                                          09/16
                                                          09/17
AVG. MAXIMUM    80.1               78.0     2.1     79.1
AVG. MINIMUM    51.2               47.8     3.4     49.4
MEAN            65.7               62.9     2.8     64.2
DAYS MAX >= 90     5                2.4     2.6        3
DAYS MAX <= 32     0                0.0     0.0        0
DAYS MIN <= 32     0                0.1    -0.1        0
DAYS MIN <= 0      0                0.0     0.0        0

PRECIPITATION (INCHES)
RECORD
 MAXIMUM        7.08   2013
 MINIMUM        0.00   1999
TOTALS          0.13               1.39   -1.26     2.55
DAYS >= .01        3                5.9    -2.9        6
DAYS >= .10        1                3.2    -2.2        4
DAYS >= .50        0                1.0    -1.0        1
DAYS >= 1.00       0                0.1    -0.1        1
GREATEST
 24 HR. TOTAL   0.11   09/28 TO 09/28


DEGREE DAYS
HEATING TOTAL     36                101     -65       59
 SINCE 7/1        40                149    -109       MM
COOLING TOTAL     65                 38      27       43
 SINCE 1/1       510                292     218       MM
................................................................

WIND (MPH)
AVERAGE WIND SPEED              6.3
RESULTANT WIND SPEED/DIRECTION   1/330
HIGHEST WIND SPEED/DIRECTION    24/010    DATE  09/05
                                24/010          09/08
HIGHEST GUST SPEED/DIRECTION    32/020    DATE  09/05

SKY COVER
POSSIBLE SUNSHINE (PERCENT)   MM
AVERAGE SKY COVER           0.46
NUMBER OF DAYS FAIR           11
NUMBER OF DAYS PC             15
NUMBER OF DAYS CLOUDY          4

AVERAGE RH (PERCENT)     64

WEATHER CONDITIONS. NUMBER OF DAYS WITH
THUNDERSTORM              0     MIXED PRECIP               0
HEAVY RAIN                0     RAIN                       1
LIGHT RAIN                6     FREEZING RAIN              0
LT FREEZING RAIN          0     HAIL                       0
HEAVY SNOW                0     SNOW                       0
LIGHT SNOW                0     SLEET                      0
FOG                      11     FOG W/VIS <= 1/4 MILE      2
HAZE                      7

-  INDICATES NEGATIVE NUMBERS.
R  INDICATES RECORD WAS SET OR TIED.
MM INDICATES DATA IS MISSING.
T  INDICATES TRACE AMOUNT.

$$
