000
CXUS53 KPAH 011340
CLMEVV

CLIMATE REPORT
NATIONAL WEATHER SERVICE PADUCAH KY
840 AM CDT SAT OCT 01 2022

...................................

...THE EVANSVILLE IN CLIMATE SUMMARY FOR THE MONTH OF SEPTEMBER 2022...

CLIMATE NORMAL PERIOD 1991 TO 2020
CLIMATE RECORD PERIOD 1896 TO 2022

WEATHER         OBSERVED          NORMAL  DEPART   LAST YEAR`S
                VALUE   DATE(S)   VALUE   FROM     VALUE DATE(S)
                                          NORMAL
................................................................
TEMPERATURE (F)
RECORD
 HIGH            104   09/06/1925
 LOW              31   09/29/1942
                       09/28/1942
HIGHEST           96   09/20                          89  09/14
                       09/21
                                                          09/18
                                                          09/28
LOWEST            41   09/28                          46  09/24
                       09/29
AVG. MAXIMUM    82.1               81.9     0.2     82.6
AVG. MINIMUM    58.7               58.6     0.1     60.0
MEAN            70.4               70.3     0.1     71.3
DAYS MAX >= 90     4                5.5    -1.5        0
DAYS MAX <= 32     0                0.0     0.0        0
DAYS MIN <= 32     0                0.0     0.0        0
DAYS MIN <= 0      0                0.0     0.0        0

PRECIPITATION (INCHES)
RECORD
 MAXIMUM        9.89   1945
 MINIMUM        0.08   2019
TOTALS          6.13               3.31    2.82     4.82
DAILY AVG.      0.20               0.11    0.09     0.16
DAYS >= .01        6                7.5    -1.5        9
DAYS >= .10        4                4.9    -0.9        8
DAYS >= .50        2                2.1    -0.1        6
DAYS >= 1.00       2                1.0     1.0        1
GREATEST
 24 HR. TOTAL   4.66   09/03 TO 09/04

DEGREE DAYS
HEATING TOTAL     43                 34       9       20
 SINCE 7/1        43                 32      11       MM
COOLING TOTAL    212                191      21      214
 SINCE 1/1      1640               1484     156       MM

FREEZE DATES
EARLIEST                        MM
LATEST                          04/03
................................................................

WIND (MPH)
AVERAGE WIND SPEED              5.0
HIGHEST WIND SPEED/DIRECTION    29/360    DATE  09/03
HIGHEST GUST SPEED/DIRECTION    53/340    DATE  09/03

SKY COVER
POSSIBLE SUNSHINE (PERCENT)   MM
AVERAGE SKY COVER           0.24
NUMBER OF DAYS FAIR           24
NUMBER OF DAYS PC              5
NUMBER OF DAYS CLOUDY          1

AVERAGE RH (PERCENT)     70

WEATHER CONDITIONS. NUMBER OF DAYS WITH
THUNDERSTORM              5     MIXED PRECIP               0
HEAVY RAIN                4     RAIN                       4
LIGHT RAIN                6     FREEZING RAIN              0
LT FREEZING RAIN          0     HAIL                       0
HEAVY SNOW                0     SNOW                       0
LIGHT SNOW                0     SLEET                      0
FOG                      12     FOG W/VIS <= 1/4 MILE      3
HAZE                      2

-  INDICATES NEGATIVE NUMBERS.
R  INDICATES RECORD WAS SET OR TIED.
MM INDICATES DATA IS MISSING.
T  INDICATES TRACE AMOUNT.

$$
