000
CXUS52 KMHX 011320
CLMEWN

CLIMATE REPORT
NATIONAL WEATHER SERVICE NEWPORT/MOREHEAD CITY
920 AM EDT SAT OCT 01 2022

...................................

...THE NEW BERN NC CLIMATE SUMMARY FOR THE MONTH OF SEPTEMBER 2022...

CLIMATE NORMAL PERIOD 1991 TO 2020
CLIMATE RECORD PERIOD 1948 TO 2022

WEATHER         OBSERVED          NORMAL  DEPART   LAST YEAR`S
                VALUE   DATE(S)   VALUE   FROM     VALUE DATE(S)
                                          NORMAL
................................................................
TEMPERATURE (F)
RECORD
 HIGH            101   09/06/1954
 LOW              43   09/30/1970
HIGHEST           91   09/22                          90  09/06
LOWEST            47   09/24                          53  09/27
AVG. MAXIMUM    84.1               83.1     1.0     83.7
AVG. MINIMUM    64.9               65.2    -0.3     64.5
MEAN            74.5               74.2     0.3     74.1
DAYS MAX >= 90     2                3.5    -1.5        1
DAYS MAX <= 32     0                0.0     0.0        0
DAYS MIN <= 32     0                0.0     0.0        0
DAYS MIN <= 0      0                0.0     0.0        0

PRECIPITATION (INCHES)
RECORD
 MAXIMUM       19.43   1955
 MINIMUM        0.52   1951
TOTALS          1.68               6.33   -4.65     4.07
DAILY AVG.      0.06               0.21   -0.15     0.14
DAYS >= .01        8               11.1    -3.1       13
DAYS >= .10        6                7.1    -1.1        6
DAYS >= .50        0                3.4    -3.4        3
DAYS >= 1.00       0                1.6    -1.6        1
GREATEST
 24 HR. TOTAL   0.38   09/10 TO 09/10

DEGREE DAYS
COOLING TOTAL    291                280      11      279
 SINCE 1/1      2032               1797     235       MM
................................................................

WIND (MPH)
AVERAGE WIND SPEED              5.7
RESULTANT WIND SPEED/DIRECTION   3/040
HIGHEST WIND SPEED/DIRECTION    25/040    DATE  09/29
HIGHEST GUST SPEED/DIRECTION    34/020    DATE  09/23

SKY COVER
POSSIBLE SUNSHINE (PERCENT)   MM
AVERAGE SKY COVER           0.27
NUMBER OF DAYS FAIR           22
NUMBER OF DAYS PC              6
NUMBER OF DAYS CLOUDY          2

AVERAGE RH (PERCENT)     73

WEATHER CONDITIONS. NUMBER OF DAYS WITH
THUNDERSTORM              4     MIXED PRECIP               0
HEAVY RAIN                5     RAIN                       5
LIGHT RAIN                9     FREEZING RAIN              0
LT FREEZING RAIN          0     HAIL                       0
HEAVY SNOW                0     SNOW                       0
LIGHT SNOW                0     SLEET                      0
FOG                      18     FOG W/VIS <= 1/4 MILE      5
HAZE                      1

-  INDICATES NEGATIVE NUMBERS.
R  INDICATES RECORD WAS SET OR TIED.
MM INDICATES DATA IS MISSING.
T  INDICATES TRACE AMOUNT.

$$
