000
CXUS51 KOKX 020122
CLMEWR

CLIMATE REPORT
NATIONAL WEATHER SERVICE NEW YORK, NY
918 PM EDT SAT OCT 01 2022

...................................

...THE NEWARK NJ CLIMATE SUMMARY FOR THE MONTH OF SEPTEMBER 2022...

CLIMATE NORMAL PERIOD 1991 TO 2020
CLIMATE RECORD PERIOD 1931 TO 2022

WEATHER         OBSERVED          NORMAL  DEPART   LAST YEAR`S
                VALUE   DATE(S)   VALUE   FROM     VALUE DATE(S)
                                          NORMAL
................................................................
TEMPERATURE (F)
RECORD
 HIGH            105   09/02/1953
 LOW              35   09/27/1947
HIGHEST           93   09/04         MM      MM       91  09/15
LOWEST            47   09/24         MM      MM       55  09/29
AVG. MAXIMUM    78.4               77.7     0.7     80.5
AVG. MINIMUM    60.9               60.7     0.2     64.4
MEAN            69.7               69.2     0.5     72.4
DAYS MAX >= 90     1                2.0    -1.0        1
DAYS MAX <= 32     0                0.0     0.0        0
DAYS MIN <= 32     0                0.0     0.0        0
DAYS MIN <= 0      0                0.0     0.0        0

PRECIPITATION (INCHES)
RECORD
 MAXIMUM       10.50   2021
 MINIMUM        0.14   1941
TOTALS          3.73               3.82   -0.09    10.50
DAILY AVG.      0.12               0.13   -0.01     0.35
DAYS >= .01       10                8.7     1.3        8
DAYS >= .10        6                5.7     0.3        6
DAYS >= .50        3                2.6     0.4        2
DAYS >= 1.00       1                1.0     0.0        2
GREATEST
 24 HR. TOTAL   1.44   09/25 TO 09/25               8.44  09/01 TO 09/02
 STORM TOTAL    1.44                                8.41
 (MM/DD(HH))            MM

DEGREE DAYS
HEATING TOTAL     37                 33       4        2
 SINCE 7/1        37                 32       5       MM
COOLING TOTAL    183                159      24      234
 SINCE 1/1      1638               1248     390       MM
................................................................

WIND (MPH)
AVERAGE WIND SPEED              8.8
HIGHEST WIND SPEED/DIRECTION    36/260    DATE  09/19
HIGHEST GUST SPEED/DIRECTION    43/260    DATE  09/19


WEATHER CONDITIONS. NUMBER OF DAYS WITH
THUNDERSTORM              6     MIXED PRECIP               0
HEAVY RAIN                4     RAIN                       4
LIGHT RAIN               10     FREEZING RAIN              0
LT FREEZING RAIN          0     HAIL                       0
HEAVY SNOW                0     SNOW                       0
LIGHT SNOW                0     SLEET                      0
FOG                       7     FOG W/VIS <= 1/4 MILE      0
HAZE                      2

-  INDICATES NEGATIVE NUMBERS.
R  INDICATES RECORD WAS SET OR TIED.
MM INDICATES DATA IS MISSING.
T  INDICATES TRACE AMOUNT.

$$
