000
CXUS53 KIND 011517
CLMEYE

CLIMATE REPORT
NATIONAL WEATHER SERVICE INDIANAPOLIS IN
1117 AM EDT SAT OCT 01 2022

...................................

...THE INDIANAPOLIS EAGLE CREEK IN CLIMATE SUMMARY FOR THE MONTH OF SEPTEMBER 2022...

CLIMATE NORMAL PERIOD 1991 TO 2020
CLIMATE RECORD PERIOD 9999 TO 9999

WEATHER         OBSERVED          NORMAL  DEPART   LAST YEAR`S
                VALUE   DATE(S)   VALUE   FROM     VALUE DATE(S)
                                          NORMAL
................................................................
TEMPERATURE (F)
HIGHEST           93   09/21                          91  09/18
LOWEST            44   09/23                          46  09/24
                       09/28
                       09/29
AVG. MAXIMUM    77.6               78.1    -0.5     80.9
AVG. MINIMUM    58.1               57.1     1.0     60.8
MEAN            67.9               67.6     0.3     70.8
DAYS MAX >= 90     1                2.2    -1.2        2
DAYS MAX <= 32     0                0.0     0.0        0
DAYS MIN <= 32     0                0.0     0.0        0
DAYS MIN <= 0      0                0.0     0.0        0

PRECIPITATION (INCHES)
TOTALS          2.11               2.57   -0.46     1.06
DAILY AVG.      0.07               0.09   -0.02     0.04
DAYS >= .01        8                8.9    -0.9        4
DAYS >= .10        5                4.6     0.4        3
DAYS >= .50        1                1.9    -0.9        1
DAYS >= 1.00       0                0.8    -0.8        0
GREATEST
 24 HR. TOTAL   0.80   09/04 TO 09/04


DEGREE DAYS
HEATING TOTAL     65                 55      10       22
 SINCE 7/1        65                 57       8       MM
COOLING TOTAL    157                133      24      205
 SINCE 1/1      1375               1108     267       MM
................................................................

WIND (MPH)
AVERAGE WIND SPEED              5.3
HIGHEST WIND SPEED/DIRECTION    24/310    DATE  09/27
HIGHEST GUST SPEED/DIRECTION    36/290    DATE  09/26

SKY COVER
AVERAGE SKY COVER           0.29

AVERAGE RH (PERCENT)     70

WEATHER CONDITIONS. NUMBER OF DAYS WITH
THUNDERSTORM              4     MIXED PRECIP               0
HEAVY RAIN                5     RAIN                       5
LIGHT RAIN                9     FREEZING RAIN              0
LT FREEZING RAIN          0     HAIL                       0
HEAVY SNOW                0     SNOW                       0
LIGHT SNOW                0     SLEET                      0
FOG                       9     FOG W/VIS <= 1/4 MILE      1
HAZE                      0

-  INDICATES NEGATIVE NUMBERS.
R  INDICATES RECORD WAS SET OR TIED.
MM INDICATES DATA IS MISSING.
T  INDICATES TRACE AMOUNT.

$$
