000
CXAK59 PAFG 011032
CLMFAI

CLIMATE REPORT
NATIONAL WEATHER SERVICE FAIRBANKS AK
232 AM AKDT THU SEP 01 2022

...................................

...THE FAIRBANKS AK CLIMATE SUMMARY FOR THE MONTH OF AUGUST 2022...

CLIMATE NORMAL PERIOD 1991 TO 2020
CLIMATE RECORD PERIOD 1904 TO 2022

WEATHER         OBSERVED          NORMAL  DEPART   LAST YEAR`S
                VALUE   DATE(S)   VALUE   FROM     VALUE DATE(S)
                                          NORMAL
................................................................
TEMPERATURE (F)
RECORD
 HIGH             93   08/05/1994
 LOW              21   08/30/1922
HIGHEST           79   08/04         81      -2       89  08/03
                       08/12
LOWEST            39   08/10         34       5       36  08/18
AVG. MAXIMUM    68.8               66.4     2.4     63.7
AVG. MINIMUM    49.2               47.6     1.6     49.8
MEAN            59.0               57.0     2.0     56.8
DAYS MAX >= 90     0                0.1    -0.1        0
DAYS MAX <= 32     0                0.0     0.0        0
DAYS MIN <= 32     0                0.2    -0.2        0
DAYS MIN <= 0      0                0.0     0.0        0

PRECIPITATION (INCHES)
RECORD
 MAXIMUM        6.88   1930
 MINIMUM        0.24
TOTALS          1.39               2.10   -0.71     3.67
DAILY AVG.      0.04               0.07   -0.03     0.12
DAYS >= .01       16               13.5     2.5       18
DAYS >= .10        7                6.1     0.9       11
DAYS >= .50        0                1.0    -1.0        2
DAYS >= 1.00       0                0.1    -0.1        0
GREATEST
 24 HR. TOTAL   0.32   08/05 TO 08/06               0.87

SNOWFALL (INCHES)
RECORDS
 TOTAL           3.0   1922
 24 HR TOTAL     3.0   08/29/1922 TO 08/29/1922
 SNOW DEPTH        0   MM
TOTALS           0.0                0.0     0.0      0.0
SINCE 7/1        0.0                0.0     0.0       MM
SNOWDEPTH AVG.     0                                   0
DAYS >= TRACE      0                0.0     0.0        0
DAYS >= 1.0        0                0.0     0.0        0
GREATEST
 SNOW DEPTH        0                                   0
 24 HR TOTAL      MM                                  MM

DEGREE DAYS
HEATING TOTAL    180                255     -75      281
 SINCE 7/1       289                353     -64       MM
COOLING TOTAL      2                  7      -5       37
 SINCE 1/1        83                 68      15       MM
................................................................

WIND (MPH)
AVERAGE WIND SPEED              3.6
HIGHEST WIND SPEED/DIRECTION    33/270    DATE  08/08
HIGHEST GUST SPEED/DIRECTION    43/260    DATE  08/08

SKY COVER
AVERAGE SKY COVER           0.73
NUMBER OF DAYS FAIR            1


WEATHER CONDITIONS. NUMBER OF DAYS WITH
THUNDERSTORM              3     MIXED PRECIP               0
HEAVY RAIN                0     RAIN                       3
LIGHT RAIN               21     FREEZING RAIN              0
LT FREEZING RAIN          0     HAIL                       0
HEAVY SNOW                0     SNOW                       0
LIGHT SNOW                0     SLEET                      0
FOG                      11     FOG W/VIS <= 1/4 MILE      0
HAZE                      1

-  INDICATES NEGATIVE NUMBERS.
R  INDICATES RECORD WAS SET OR TIED.
MM INDICATES DATA IS MISSING.
T  INDICATES TRACE AMOUNT.

$$
