000
CXUS53 KFGF 011504
CLMFAR

CLIMATE REPORT
NATIONAL WEATHER SERVICE GRAND FORKS
912 AM CDT THU SEP 1 2022

...................................

...THE FARGO HECTOR INTL AP ND CLIMATE SUMMARY FOR THE MONTH OF AUGUST 2022...

CLIMATE NORMAL PERIOD 1991 TO 2020
CLIMATE RECORD PERIOD 1881 TO 2022

WEATHER         OBSERVED          NORMAL  DEPART   LAST YEAR`S
                VALUE   DATE(S)   VALUE   FROM     VALUE DATE(S)
                                          NORMAL
................................................................
TEMPERATURE (F)
RECORD
 HIGH            106   08/18/1976
 LOW              32   08/31/1886
                       08/25/1885
HIGHEST           94   08/05         81      13       96  08/14
                                                          08/18
LOWEST            47   08/08         57     -10       46  08/13
                       08/26
AVG. MAXIMUM    79.4               80.7    -1.3     84.1
AVG. MINIMUM    57.5               56.8     0.7     59.8
MEAN            68.4               68.8    -0.4     72.0
DAYS MAX >= 90     1                3.1    -2.1        9
DAYS MAX <= 32     0                0.0     0.0        0
DAYS MIN <= 32     0                0.0     0.0        0
DAYS MIN <= 0      0                0.0     0.0        0

PRECIPITATION (INCHES)
RECORD
 MAXIMUM        9.58   1900
 MINIMUM        0.18   1984
TOTALS          2.44               2.60   -0.16     2.85
DAILY AVG.      0.08               0.08   -0.00     0.09
DAYS >= .01        7                8.6    -1.6        6
DAYS >= .10        4                4.4    -0.4        5
DAYS >= .50        2                1.5     0.5        2
DAYS >= 1.00       0                0.6    -0.6        1
GREATEST
 24 HR. TOTAL   1.01   08/18 TO 08/19

DEGREE DAYS
COOLING TOTAL    128                148     -20      227
 SINCE 1/1       525                489      36       MM
................................................................

WIND (MPH)
AVERAGE WIND SPEED              8.8
HIGHEST WIND SPEED/DIRECTION    31/200    DATE  08/05
HIGHEST GUST SPEED/DIRECTION    42/190    DATE  08/05

SKY COVER
POSSIBLE SUNSHINE (PERCENT)   MM
AVERAGE SKY COVER           0.25
NUMBER OF DAYS FAIR           22
NUMBER OF DAYS PC              7
NUMBER OF DAYS CLOUDY          2

AVERAGE RH (PERCENT)     72

WEATHER CONDITIONS. NUMBER OF DAYS WITH
THUNDERSTORM              5     MIXED PRECIP               0
HEAVY RAIN                5     RAIN                       4
LIGHT RAIN               10     FREEZING RAIN              0
LT FREEZING RAIN          0     HAIL                       0
HEAVY SNOW                0     SNOW                       0
LIGHT SNOW                0     SLEET                      0
FOG                       9     FOG W/VIS <= 1/4 MILE      0
HAZE                      0

-  INDICATES NEGATIVE NUMBERS.
R  INDICATES RECORD WAS SET OR TIED.
MM INDICATES DATA IS MISSING.
T  INDICATES TRACE AMOUNT.

&&

THE MONTH OF AUGUST AT THE FARGO HECTOR INTERNATIONAL AIRPORT WAS
NEAR NORMAL IN TEMPERATURES AND SLIGHTLY BELOW NORMAL IN
PRECIPITATION.

THE AVERAGE TEMPERATURE FOR THE MONTH WAS 68.4 DEGREES WHICH WAS 0.4
DEGREES BELOW NORMAL. THE TEMPERATURES DURING THE MONTH STARTED OFF
SLIGHTLY BELOW NORMAL BEFORE CLIMBING TO NEAR NORMAL FOR THE
REMAINDER OF THE MONTH. NO DAILY TEMPERATURE RECORDS WERE BROKEN
DURING THE MONTH.

PRECIPITATION FOR THE MONTH WAS NEAR NORMAL. TOTAL LIQUID
PRECIPITATION WAS 2.44 INCHES WHICH WAS 0.16 INCHES BELOW NORMAL.
NO RAINFALL RECORDS WERE BROKEN DURING THE MONTH.

REMEMBER, THIS DATA IS PROVISIONAL AND SUBJECT TO CHANGE. THE FINAL
AND OFFICIAL RECORDS WILL BE AVAILABLE FROM THE NATIONAL CENTERS FOR
ENVIRONMENTAL INFORMATION (NCEI).

$$
