000
CXUS56 KHNX 012108
CLMFAT

CLIMATE REPORT
NATIONAL WEATHER SERVICE
208 PM PDT SAT OCT 01 2022

...................................

...THE FRESNO CA CLIMATE SUMMARY FOR THE MONTH OF SEPTEMBER 2022...

CLIMATE NORMAL PERIOD 1991 TO 2020
CLIMATE RECORD PERIOD 1887 TO 2022

WEATHER         OBSERVED          NORMAL  DEPART   LAST YEAR`S
                VALUE   DATE(S)   VALUE   FROM     VALUE DATE(S)
                                          NORMAL
................................................................
TEMPERATURE (F)
RECORD
 HIGH            114   09/06/2022

 LOW              37   09/30/1950
HIGHEST          114R  09/06         MM              107  09/09
LOWEST            60   09/16         MM               56  09/29
                       09/22
MEAN            82.2               77.1     5.1     79.6
DAYS MAX >= 90    21               19.9     1.1       22
DAYS MIN <= 32     0                0.0     0.0        0

PRECIPITATION (INCHES)
RECORD
 MAXIMUM        1.78   1904
 MINIMUM        0.00
TOTALS          0.06               0.05    0.01
DAYS >= .01        1                0.6     0.4        0
DAYS >= .10        0                0.2    -0.2        0
DAYS >= .50        0                0.0     0.0        0
DAYS >= 1.00       0                0.0     0.0        0

SNOWFALL (INCHES)
RECORDS
 TOTAL           0.0
TOTALS           0.0                0.0

DEGREE DAYS
HEATING TOTAL      0                  2      -2        0
 SINCE 7/1         0                  0       0       MM
COOLING TOTAL    519                364     155      443
 SINCE 1/1      2678               2097     581       MM
................................................................

WIND (MPH)
AVERAGE WIND SPEED              6.2
HIGHEST WIND SPEED/DIRECTION    21/310    DATE  09/13
HIGHEST GUST SPEED/DIRECTION    26/010    DATE  09/21

AVERAGE RH (PERCENT)     43

WEATHER CONDITIONS. NUMBER OF DAYS WITH
THUNDERSTORM              1     RAIN                       0
HAIL                      0     FOG                        0
FOG W/VIS <= 1/4 MILE     0     HAZE                       2

-  INDICATES NEGATIVE NUMBERS.
R  INDICATES RECORD WAS SET OR TIED.
MM INDICATES DATA IS MISSING.
T  INDICATES TRACE AMOUNT.

$$
