000
CXUS52 KRAH 020718 RRA
CLMFAY

CLIMATE REPORT
NATIONAL WEATHER SERVICE RALEIGH NC
1130 AM EDT SAT OCT 01 2022

...................................

...THE FAYETTEVILLE NC CLIMATE SUMMARY FOR THE MONTH OF SEPTEMBER 2022...

CLIMATE NORMAL PERIOD 1991 TO 2020
CLIMATE RECORD PERIOD 1910 TO 2022

WEATHER         OBSERVED          NORMAL  DEPART   LAST YEAR`S
                VALUE   DATE(S)   VALUE   FROM     VALUE
                                          NORMAL
..............................................................
TEMPERATURE (F)
RECORD
 HIGH            106   09/18/1931
 LOW              40   09/30/1967
HIGHEST           95   09/22                          93
LOWEST            46   09/24                          51
AVG. MAXIMUM    86.0               83.9     2.1     86.2
AVG. MINIMUM    64.1               64.6    -0.5     63.7
MEAN            75.0               74.2     0.8     74.9
DAYS MAX >= 90    11                                   9
DAYS MAX <= 32     0                                   0
DAYS MIN <= 32     0                                   0
DAYS MIN <= 0      0                                   0

PRECIPITATION (INCHES)
RECORD
 MAXIMUM       15.54   2018
TOTALS          3.88               4.87   -0.99     3.89
DAYS >= .01        8
DAYS >= .10        4
DAYS >= .50        2
DAYS >= 1.00       1
GREATEST
 24 HR. TOTAL   2.69   09/30 TO 09/30

DEGREE DAYS
HEATING TOTAL      7                  7       0        0
 SINCE 7/1         7                  5       2        0
COOLING TOTAL    314                285      29      305
 SINCE 1/1      2243               1958     285     2004
..............................................................

WIND (MPH)
AVERAGE WIND SPEED              6.7
HIGHEST WIND SPEED/DIRECTION    41/030    DATE  09/30
HIGHEST GUST SPEED/DIRECTION    56/020    DATE  09/30

SKY COVER
POSSIBLE SUNSHINE (PERCENT)   MM
AVERAGE SKY COVER           0.27
NUMBER OF DAYS FAIR           22
NUMBER OF DAYS PC              5
NUMBER OF DAYS CLOUDY          3

AVERAGE RH (PERCENT)     69

WEATHER CONDITIONS. NUMBER OF DAYS WITH
THUNDERSTORM              3     MIXED PRECIP               0
HEAVY RAIN                4     RAIN                       2
LIGHT RAIN                8     FREEZING RAIN              0
LT FREEZING RAIN          0     HAIL                       0
HEAVY SNOW                0     SNOW                       0
LIGHT SNOW                0     SLEET                      0
FOG                      15     FOG W/VIS <= 1/4 MILE      0
HAZE                      0

-  INDICATES NEGATIVE NUMBERS.
R  INDICATES RECORD WAS SET OR TIED.
MM INDICATES DATA IS MISSING.
T  INDICATES TRACE AMOUNT.

$$
