000
CXUS53 KLMK 011355
CLMFFT

CLIMATE REPORT
NATIONAL WEATHER SERVICE LOUISVILLE KY
955 AM EDT SAT OCT 01 2022

...................................

...THE FRANKFORT KY CLIMATE SUMMARY FOR THE MONTH OF SEPTEMBER 2022...

CLIMATE NORMAL PERIOD 1991 TO 2020
CLIMATE RECORD PERIOD 1895 TO 2022

WEATHER         OBSERVED          NORMAL  DEPART   LAST YEAR`S
                VALUE   DATE(S)   VALUE   FROM     VALUE DATE(S)
                                          NORMAL
................................................................
TEMPERATURE (F)
RECORD
 HIGH            106   09/02/1953
 LOW              30   09/29/1942
HIGHEST           94   09/21         MM      MM       88  09/14
                                                          09/18
LOWEST            38   09/28         MM      MM       45  09/26
AVG. MAXIMUM    80.3               81.1    -0.8     81.1
AVG. MINIMUM    56.7               57.3    -0.6     59.0
MEAN            68.5               69.2    -0.7     70.1
DAYS MAX >= 90     1                4.8    -3.8        0
DAYS MAX <= 32     0                0.0     0.0        0
DAYS MIN <= 32     0                0.0     0.0        0
DAYS MIN <= 0      0                0.0     0.0        0

PRECIPITATION (INCHES)
RECORD
 MAXIMUM       11.45   1979
 MINIMUM           T   1895
TOTALS          3.09               3.35   -0.26     4.37
DAILY AVG.      0.10               0.11   -0.01     0.15
DAYS >= .01        5                9.4    -4.4        9
DAYS >= .10        3                4.9    -1.9        7
DAYS >= .50        2                2.1    -0.1        4
DAYS >= 1.00       2                1.0     1.0        2
GREATEST
 24 HR. TOTAL   1.40   09/11 TO 09/11


DEGREE DAYS
HEATING TOTAL     47                 40       7       22
 SINCE 7/1        47                 40       7       MM
COOLING TOTAL    160                166      -6      182
 SINCE 1/1      1383               1297      86       MM
................................................................

WIND (MPH)
AVERAGE WIND SPEED              4.4
HIGHEST WIND SPEED/DIRECTION    18/220    DATE  09/24
                                18/310          09/27
                                18/060          09/29
HIGHEST GUST SPEED/DIRECTION    28/330    DATE  09/22
                                28/310          09/27

SKY COVER
POSSIBLE SUNSHINE (PERCENT)   MM
AVERAGE SKY COVER           0.27
NUMBER OF DAYS FAIR           21
NUMBER OF DAYS PC              8
NUMBER OF DAYS CLOUDY          1

AVERAGE RH (PERCENT)     71

WEATHER CONDITIONS. NUMBER OF DAYS WITH
THUNDERSTORM              3     MIXED PRECIP               0
HEAVY RAIN                3     RAIN                       3
LIGHT RAIN                6     FREEZING RAIN              0
LT FREEZING RAIN          0     HAIL                       0
HEAVY SNOW                0     SNOW                       0
LIGHT SNOW                0     SLEET                      0
FOG                      15     FOG W/VIS <= 1/4 MILE      6
HAZE                      0

-  INDICATES NEGATIVE NUMBERS.
R  INDICATES RECORD WAS SET OR TIED.
MM INDICATES DATA IS MISSING.
T  INDICATES TRACE AMOUNT.

$$
