000
CXUS53 KFGF 011506
CLMFGF

CLIMATE REPORT
NATIONAL WEATHER SERVICE GRAND FORKS
912 AM CDT THU SEP 1 2022

...................................

...THE GRAND FORKS UNIV. (NWS) ND CLIMATE SUMMARY FOR THE MONTH OF AUGUST 2022...

CLIMATE NORMAL PERIOD 1981 TO 2010
CLIMATE RECORD PERIOD 1893 TO 2022

WEATHER         OBSERVED          NORMAL  DEPART   LAST YEAR`S
                VALUE   DATE(S)   VALUE   FROM     VALUE DATE(S)
                                          NORMAL
................................................................
TEMPERATURE (F)
RECORD
 HIGH            104   08/07/1983
 LOW              30   08/30/1931
HIGHEST           89   08/05         81       8       95  08/18
                       08/31
LOWEST            48   08/08         56      -8       47  08/13
AVG. MAXIMUM    80.0               80.4    -0.4     82.2
AVG. MINIMUM    58.6               56.2     2.4     59.0
MEAN            69.3               68.3     1.0     70.6
DAYS MAX >= 90     0                2.9    -2.9        8
DAYS MAX <= 32     0                0.0     0.0        0
DAYS MIN <= 32     0                0.0     0.0        0
DAYS MIN <= 0      0                0.0     0.0        0

PRECIPITATION (INCHES)
RECORD
 MAXIMUM       12.16   1944
 MINIMUM        0.07   1915
TOTALS          1.09               3.14   -2.05     4.37
DAILY AVG.      0.04               0.10   -0.06     0.14
DAYS >= .01        8                8.9    -0.9       10
DAYS >= .10        2                5.4    -3.4        6
DAYS >= .50        1                2.0    -1.0        3
DAYS >= 1.00       0                0.8    -0.8        2
GREATEST
 24 HR. TOTAL   0.71   08/18 TO 08/18               1.60

SNOWFALL (INCHES)
RECORDS
 TOTAL            MM   2020
TOTALS           0.0                0.0     0.0      0.0
SINCE 7/1        0.0                0.0     0.0       MM
SNOWDEPTH AVG.     0                                   0
DAYS >= 1.0        0                0.0     0.0
GREATEST
 SNOW DEPTH        0                                   0  MM
 24 HR TOTAL      MM

DEGREE DAYS
HEATING TOTAL      9                 41     -32
 SINCE 7/1        13                 67     -54
COOLING TOTAL    151                144       7
 SINCE 1/1       512                432      80
................................................................

SKY COVER
POSSIBLE SUNSHINE (PERCENT)   MM
AVERAGE SKY COVER             MM
NUMBER OF DAYS FAIR            0
NUMBER OF DAYS PC              0
NUMBER OF DAYS CLOUDY          0


WEATHER CONDITIONS. NUMBER OF DAYS WITH
THUNDERSTORM              3     MIXED PRECIP               0
HEAVY RAIN                1     RAIN                       3
LIGHT RAIN                6     FREEZING RAIN              0
LT FREEZING RAIN          0     HAIL                       0
HEAVY SNOW                0     SNOW                       0
LIGHT SNOW                0     SLEET                      0
FOG                       3     FOG W/VIS <= 1/4 MILE      1
HAZE                      0

-  INDICATES NEGATIVE NUMBERS.
R  INDICATES RECORD WAS SET OR TIED.
MM INDICATES DATA IS MISSING.
T  INDICATES TRACE AMOUNT.

&&

THE MONTH OF AUGUST AT THE GRAND FORKS UNIVERSITY (NWS) WAS SLIGHTLY
ABOVE NORMAL IN TEMPERATURES AND WELL BELOW NORMAL IN PRECIPITATION.
THE AVERAGE TEMPERATURE FOR THE MONTH WAS 69.1 DEGREES WHICH WAS 1.5
DEGREES ABOVE NORMAL. THE TEMPERATURES DURING THE MONTH STARTED OFF
SLIGHTLY BELOW NORMAL BEFORE CLIMBING TO NEAR TO ABOVE NORMAL FOR
THE REMAINDER OF THE MONTH. NO TEMPERATURE RECORDS WERE BROKEN
DURING THE MONTH.

PRECIPITATION FOR THE MONTH WAS WELL BELOW NORMAL. TOTAL LIQUID
PRECIPITATION WAS 1.09 INCHES WHICH WAS 1.96 INCHES BELOW NORMAL.

REMEMBER, THIS DATA IS PROVISIONAL AND SUBJECT TO CHANGE. THE FINAL
AND OFFICIAL RECORDS WILL BE AVAILABLE FROM THE NATIONAL CENTERS FOR
ENVIRONMENTAL INFORMATION (NCEI).

$$
