000
CXUS52 KILM 011940
CLMFLO

CLIMATE REPORT
NATIONAL WEATHER SERVICE WILMINGTON NC
340 PM EDT SAT OCT 01 2022

...................................

...THE FLORENCE SOUTH  CAROLINA CLIMATE SUMMARY FOR THE MONTH OF SEPTEMBER 2022...

CLIMATE NORMAL PERIOD 1991 TO 2020
CLIMATE RECORD PERIOD 1948 TO 2022

WEATHER         OBSERVED          NORMAL  DEPART   LAST YEAR`S
                VALUE   DATE(S)   VALUE   FROM     VALUE DATE(S)
                                          NORMAL
................................................................
TEMPERATURE (F)
RECORD
 HIGH            101   09/06/1954
 LOW              41   09/30/1967
                       09/25/1950
HIGHEST           97   09/22         MM      MM       93  09/08
LOWEST            46   09/24         MM      MM       53  09/25
AVG. MAXIMUM    85.4               85.4     0.0     87.2
AVG. MINIMUM    64.6               65.8    -1.2     65.4
MEAN            75.0               75.6    -0.6     76.3
DAYS MAX >= 90    10                7.9     2.1       10
DAYS MAX <= 32     0                0.0     0.0        0
DAYS MIN <= 32     0                0.0     0.0        0
DAYS MIN <= 0      0                0.0     0.0        0

PRECIPITATION (INCHES)
RECORD
 MAXIMUM       11.34   2008
 MINIMUM        0.01   1981
TOTALS          6.19               4.53    1.66     2.41
DAILY AVG.      0.21               0.15    0.06
DAYS >= .01        6                9.3    -3.3
DAYS >= .10        5                5.9    -0.9
DAYS >= .50        3                2.6     0.4
DAYS >= 1.00       1                1.3    -0.3
GREATEST
 24 HR. TOTAL   4.00   09/30 TO 09/30


DEGREE DAYS
HEATING TOTAL      8                  5       3        0
 SINCE 7/1         8                  2       6
COOLING TOTAL    316                323      -7      346
 SINCE 1/1      2342               2130     212

FREEZE DATES
RECORD
 EARLIEST     10/14/1988
 LATEST       04/20/1983
EARLIEST                        MM
LATEST                          03/28
................................................................

WIND (MPH)
AVERAGE WIND SPEED              6.6
RESULTANT WIND SPEED/DIRECTION   2/040
HIGHEST WIND SPEED/DIRECTION    38/330    DATE  09/22
                                38/010          09/30
HIGHEST GUST SPEED/DIRECTION    52/010    DATE  09/30

SKY COVER
AVERAGE SKY COVER           0.23

AVERAGE RH (PERCENT)     70

WEATHER CONDITIONS. NUMBER OF DAYS WITH
THUNDERSTORM              4     MIXED PRECIP              MM
HEAVY RAIN                5     RAIN                       5
LIGHT RAIN                9     FREEZING RAIN              0
LT FREEZING RAIN          0     HAIL                      MM
HEAVY SNOW                0     SNOW                       0
LIGHT SNOW                0     SLEET                     MM
FOG                      11     FOG W/VIS <= 1/4 MILE      0
HAZE                      3

-  INDICATES NEGATIVE NUMBERS.
R  INDICATES RECORD WAS SET OR TIED.
MM INDICATES DATA IS MISSING.
T  INDICATES TRACE AMOUNT.

$$
