000
CXUS52 KMLB 012234
CLMFPR

CLIMATE REPORT
NATIONAL WEATHER SERVICE MELBOURNE FL
634 PM EDT SAT OCT 01 2022

...................................

...THE FORT PIERCE CLIMATE SUMMARY FOR THE MONTH OF SEPTEMBER 2022...

CLIMATE NORMAL PERIOD 1991 TO 2020
CLIMATE RECORD PERIOD 1901 TO 2022

WEATHER         OBSERVED          NORMAL  DEPART   LAST YEAR`S
                VALUE   DATE(S)   VALUE   FROM     VALUE
                                          NORMAL
..............................................................
TEMPERATURE (F)
MONTHLY RECORD
 WARMEST        82.6   1930
 COOLEST        78.0   1903
DAILY RECORD
 HIGH             99   09/01/1998
                       09/14/1944
 LOW              59   09/29/1998
SEPTEMBER 2022
HIGHEST           93   09/07                          93
                       09/23
LOWEST            63   09/30                          64
AVG. MAXIMUM    88.3               88.1     0.2     88.3
AVG. MINIMUM    72.0               72.6    -0.6     71.6
MEAN            80.1               80.3    -0.2     80.0
DAYS MAX >= 90    15                6.9     8.1        5
DAYS MAX <= 32     0                0.0     0.0        0
DAYS MIN <= 32     0                0.0     0.0        0
DAYS MIN <= 0      0                0.0     0.0        0

PRECIPITATION (INCHES)
MONTHLY RECORD
 MAXIMUM       19.90   1963
 MINIMUM        0.75   1921
DAILY RECORD
 MAXIMUM       13.08   09/10/2017
SEPTEMBER 2022
TOTALS         12.26               6.27    5.99     5.86
DAYS >= .01       17                                  16
DAYS >= .10       14                                   9
DAYS >= .50        9                                   5
DAYS >= 1.00       5                                   2
GREATEST
 24 HR. TOTAL   3.72   09/27 TO 09/28

SNOWFALL (INCHES)
TOTALS           0.0                 MM      MM      0.0
SINCE 7/1        0.0                 MM      MM       MM
DAYS >= TRACE      0                                   0

DEGREE DAYS
HEATING TOTAL      0                  0       0        0
 SINCE 7/1         0                  0       0       MM
COOLING TOTAL    459                460      -1      458
 SINCE 1/1      3076               2753     323       MM
..............................................................

WIND (MPH)
AVERAGE WIND SPEED              5.7
HIGHEST WIND SPEED/DIRECTION    45/140    DATE  09/28
HIGHEST GUST SPEED/DIRECTION    66/150    DATE  09/28

SKY COVER
POSSIBLE SUNSHINE (PERCENT)   MM
AVERAGE SKY COVER           0.28
NUMBER OF DAYS FAIR           23
NUMBER OF DAYS PC              4
NUMBER OF DAYS CLOUDY          3

AVERAGE RH (PERCENT)     80

WEATHER CONDITIONS. NUMBER OF DAYS WITH
THUNDERSTORM             23     MIXED PRECIP               0
HEAVY RAIN               13     RAIN                      15
LIGHT RAIN               17     LT FREEZING RAIN           0
HAIL                      0     LIGHT SNOW                 0
SLEET                     0     FOG                       21
FOG W/VIS <= 1/4 MILE     3     HAZE                       6

-  INDICATES NEGATIVE NUMBERS.
R  INDICATES RECORD WAS SET OR TIED.
MM INDICATES DATA IS MISSING.
T  INDICATES TRACE AMOUNT.

$$
