000
CXUS54 KTSA 011100
CLMFSM

CLIMATE REPORT
NATIONAL WEATHER SERVICE TULSA OK
600 AM CDT SAT OCT 01 2022

...................................

...THE FORT SMITH ARKANSAS CLIMATE SUMMARY FOR THE MONTH OF SEPTEMBER 2022...

CLIMATE NORMAL PERIOD 1991 TO 2020
CLIMATE RECORD PERIOD 1882 TO 2022

WEATHER         OBSERVED          NORMAL  DEPART   LAST YEAR`S
                VALUE   DATE(S)   VALUE   FROM     VALUE DATE(S)
                                          NORMAL
................................................................
TEMPERATURE (F)
RECORD
 HIGH            109   09/03/2000
                       09/02/2000
                       09/04/1998
 LOW              33   09/29/1967
HIGHEST          102   09/21        107      -5      101
LOWEST            48   09/30         33      15       47
AVG. MAXIMUM    91.3               86.5     4.8     91.5
AVG. MINIMUM    63.9               63.1     0.8     65.3
MEAN            77.6               74.8     2.8     78.4
DAYS MAX >= 90    21
DAYS MAX <= 32     0
DAYS MIN <= 32     0
DAYS MIN <= 0      0

PRECIPITATION (INCHES)
RECORD
 MAXIMUM       10.49   1934
 MINIMUM           T   2017
TOTALS          0.96               4.04   -3.08     1.88
DAILY AVG.      0.03               0.13   -0.10     0.06
DAYS >= .01        3                7.1    -4.1        3
DAYS >= .10        2                4.8    -2.8        2
DAYS >= .50        1                2.6    -1.6        1
DAYS >= 1.00       0                1.5    -1.5        1
GREATEST
 24 HR. TOTAL   0.87   09/01 TO 09/02

DEGREE DAYS
HEATING TOTAL      0                 10     -10        0
 SINCE 7/1         0                  8      -8       MM
COOLING TOTAL    387                304      83      408
 SINCE 1/1      2487               2085     402       MM
................................................................

WIND (MPH)
AVERAGE WIND SPEED              5.5
HIGHEST WIND SPEED/DIRECTION    23/260    DATE  09/01
HIGHEST GUST SPEED/DIRECTION    41/240    DATE  09/01

SKY COVER
POSSIBLE SUNSHINE (PERCENT)   MM
AVERAGE SKY COVER           0.11
NUMBER OF DAYS FAIR           29
NUMBER OF DAYS PC              1
NUMBER OF DAYS CLOUDY          0

AVERAGE RH (PERCENT)     59

WEATHER CONDITIONS. NUMBER OF DAYS WITH
THUNDERSTORM              3     MIXED PRECIP               0
HEAVY RAIN                1     RAIN                       1
LIGHT RAIN                3     FREEZING RAIN              0
LT FREEZING RAIN          0     HAIL                       0
HEAVY SNOW                0     SNOW                       0
LIGHT SNOW                0     SLEET                      0
FOG                       2     FOG W/VIS <= 1/4 MILE      0
HAZE                      1

-  INDICATES NEGATIVE NUMBERS.
R  INDICATES RECORD WAS SET OR TIED.
MM INDICATES DATA IS MISSING.
T  INDICATES TRACE AMOUNT.

$$
