000
CXUS56 KSGX 020230
CLMFUL

CLIMATE REPORT
NATIONAL WEATHER SERVICE SAN DIEGO, CA
730 PM PDT SAT OCT 01 2022

...................................

...THE FULLERTON AIRPORT CA CLIMATE SUMMARY FOR THE MONTH OF SEPTEMBER 2022...

CLIMATE NORMAL PERIOD: 1991 TO 2020
CLIMATE RECORD PERIOD: 1998 TO 2022

WEATHER         OBSERVED          NORMAL  DEPART   LAST YEAR`S
                VALUE   DATE(S)   VALUE   FROM     VALUE DATE(S)
                                          NORMAL
................................................................
TEMPERATURE (F)
RECORD
 HIGH            112   09/27/2010
 LOW              54   09/30/2019
                       09/28/2013
                       11/28/2015
HIGHEST          111   09/04         85      26      103  09/21
LOWEST            60   09/22         62      -2       57  09/30
AVG. MAXIMUM    90.8               85.4     5.4     86.2
AVG. MINIMUM    69.5               64.6     4.9     64.4
MEAN            80.1               75.0     5.1     75.3
DAYS MAX >= 90    18                9.1     8.9        9
DAYS MAX <= 32     0                0.0     0.0        0
DAYS MAX >= 45    30                                  30
DAYS MIN <= 32     0                0.0     0.0        0

PRECIPITATION (INCHES)
RECORD
 MAXIMUM        2.37   1976
 MINIMUM        0.00   2021
TOTALS          0.23               0.14    0.09     0.00
DAILY AVG.      0.01               0.00    0.01     0.00
DAYS >= .01        1                0.8     0.2        0
DAYS >= .10        1                0.3     0.7        0
DAYS >= .50        0                0.0     0.0        0
DAYS >= 1.00       0                0.0     0.0        0
DAYS >= %-5.2F     0                                   0
DAYS >= %-5.2F     0                                   0
GREATEST
 24 HR. TOTAL   0.23   09/09 TO 09/09                  T  08/31 TO 08/31
 STORM TOTAL    0.23                                0.00
 (MM/DD(HH))            MM


DEGREE DAYS
HEATING TOTAL      0                  0       0        0
 SINCE 7/1         0                  0       0       MM
COOLING TOTAL    463                300     163      314
 SINCE 1/1      1655               1323     332       MM

FREEZE DATES
RECORD
 EARLIEST     MM
 LATEST       MM
EARLIEST                        12/31
LATEST                          MM
................................................................

WIND (MPH)
AVERAGE WIND SPEED              3.5
RESULTANT WIND SPEED/DIRECTION   2/170
HIGHEST WIND SPEED/DIRECTION    26/090    DATE  09/09
HIGHEST GUST SPEED/DIRECTION    36/070    DATE  09/09

SKY COVER
POSSIBLE SUNSHINE (PERCENT)   MM
AVERAGE SKY COVER           0.20
NUMBER OF DAYS FAIR           23
NUMBER OF DAYS PC              6
NUMBER OF DAYS CLOUDY          0

AVERAGE RH (PERCENT)     59

WEATHER CONDITIONS. NUMBER OF DAYS WITH
THUNDERSTORM              0     MIXED PRECIP               0
HEAVY RAIN                0     RAIN                       1
LIGHT RAIN                3     FREEZING RAIN              0
LT FREEZING RAIN          0     HAIL                       0
HEAVY SNOW                0     SNOW                       0
LIGHT SNOW                0     SLEET                      0
FOG                       1     FOG W/VIS <= 1/4 MILE      0
HAZE                      3

-  INDICATES NEGATIVE NUMBERS.
R  INDICATES RECORD WAS SET OR TIED.
MM INDICATES DATA IS MISSING.
T  INDICATES TRACE AMOUNT.

$$
