000
CXUS51 KCAR 012346
CLMFVE

CLIMATE REPORT
NATIONAL WEATHER SERVICE CARIBOU ME
746 PM EDT THU SEP 01 2022

...................................

...THE FRENCHVILLE ME CLIMATE SUMMARY FOR THE MONTH OF AUGUST 2022...

CLIMATE NORMAL PERIOD: 1991 TO 2020
CLIMATE RECORD PERIOD: 9999 TO 9999

WEATHER         OBSERVED          NORMAL  DEPART   LAST YEAR`S
                VALUE   DATE(S)   VALUE   FROM     VALUE DATE(S)
                                          NORMAL
................................................................
TEMPERATURE (F)
RECORD
 HIGH             MM   MM
 LOW              42   08/28/2021
HIGHEST           85   08/20         MM      MM       92  08/13
                       08/21
                       08/30
LOWEST            46   08/28         MM      MM       42  08/28
AVG. MAXIMUM    75.3               74.3     1.0     78.9
AVG. MINIMUM    55.6               54.8     0.8     58.6
MEAN            65.5               64.6     0.9     68.8
DAYS MAX >= 90     0                0.3    -0.3        3
DAYS MAX <= 32     0                0.0     0.0        0
DAYS MIN <= 32     0                0.0     0.0        0
DAYS MIN <= 0      0                0.0     0.0        0

PRECIPITATION (INCHES)
RECORD
 MAXIMUM        2.73   2020
 MINIMUM        1.57   2021
TOTALS          3.43               3.77   -0.34     1.57
DAILY AVG.      0.11               0.12   -0.01     0.05
DAYS >= .01       13               14.3    -1.3        8
DAYS >= .10        9                7.3     1.7        6
DAYS >= .50        3                2.4     0.6        0
DAYS >= 1.00       0                0.7    -0.7        0
GREATEST
 24 HR. TOTAL   0.93   08/08 TO 08/09               0.42  08/02 TO 08/02
 STORM TOTAL    0.70                                0.42
 (MM/DD(HH))            MM

SNOWFALL (INCHES)
RECORDS
 TOTAL            MM   MM
TOTALS            MM                 MM      MM       MM
SINCE 7/1         MM                 MM      MM       MM
SNOWDEPTH AVG.    MM                                  MM
DAYS >= 1.0       MM                 MM      MM       MM
GREATEST
 SNOW DEPTH       MM                                  MM  MM
 24 HR TOTAL      MM                                  MM

DEGREE DAYS
HEATING TOTAL     48                 79     -31       40
 SINCE 7/1        83                129     -46       MM
COOLING TOTAL     71                 65       6      163
 SINCE 1/1       206                191      15       MM
................................................................

WIND (MPH)
AVERAGE WIND SPEED              6.5
HIGHEST WIND SPEED/DIRECTION    21/030    DATE  08/17
                                21/050          08/18
                                21/320          08/25
HIGHEST GUST SPEED/DIRECTION    33/020    DATE  08/17

SKY COVER
POSSIBLE SUNSHINE (PERCENT)   MM
AVERAGE SKY COVER           0.47
NUMBER OF DAYS FAIR           11
NUMBER OF DAYS PC             13
NUMBER OF DAYS CLOUDY          7

AVERAGE RH (PERCENT)     72

WEATHER CONDITIONS. NUMBER OF DAYS WITH
THUNDERSTORM              4     MIXED PRECIP               0
HEAVY RAIN                5     RAIN                       7
LIGHT RAIN               18     FREEZING RAIN              0
LT FREEZING RAIN          0     HAIL                       0
HEAVY SNOW                0     SNOW                       0
LIGHT SNOW                0     SLEET                      0
FOG                      18     FOG W/VIS <= 1/4 MILE      8
HAZE                      0

-  INDICATES NEGATIVE NUMBERS.
*  INDICATES RECORD WAS SET OR TIED.
MM INDICATES DATA IS MISSING.
T  INDICATES TRACE AMOUNT.

$$
