000
CXUS53 KIWX 051915 CCA
CLMFWA

CLIMATE REPORT
NATIONAL WEATHER SERVICE NORTHERN INDIANA
1011 AM EDT THU SEP 01 2022

...................................

...THE FORT WAYNE CLIMATE SUMMARY FOR THE MONTH OF AUGUST 2022...

CLIMATE NORMAL PERIOD 1991 TO 2020
CLIMATE RECORD PERIOD 1897 TO 2022

WEATHER         OBSERVED          NORMAL  DEPART   LAST YEAR`S
                VALUE   DATE(S)   VALUE   FROM     VALUE DATE(S)
                                          NORMAL
................................................................
TEMPERATURE (F)
RECORD
 HIGH            102   08/09/1934
                       08/05/1918
 LOW              38   08/29/1965
HIGHEST           92   08/03         MM      MM       92  08/24
LOWEST            50   08/13         MM      MM       53  08/02
                                                          08/03
AVG. MAXIMUM    82.1               82.0     0.1     84.4
AVG. MINIMUM    61.2               61.2    -0.0     64.1
MEAN            71.6               71.6     0.0
DAYS MAX >= 90     1                2.9    -1.9        3
DAYS MAX <= 32     0                0.0     0.0        0
DAYS MIN <= 32     0                0.0     0.0        0
DAYS MIN <= 0      0                0.0     0.0        0

PRECIPITATION (INCHES)
RECORD
 MAXIMUM       10.09   1926
 MINIMUM        0.42   1969
TOTALS          3.26               3.80   -0.54     2.46
DAILY AVG.      0.11               0.12   -0.01     0.08
DAYS >= .01       10                9.2     0.8       11
DAYS >= .10        6                5.8     0.2        5
DAYS >= .50        2                2.4    -0.4        2
DAYS >= 1.00       0                1.1    -1.1        1
GREATEST
 24 HR. TOTAL   1.00   08/29 TO 08/30

SNOWFALL (INCHES)
RECORDS
 TOTAL           0.0   MM
TOTALS           0.0                0.0     0.0      0.0
SINCE 7/1        0.0                0.0     0.0      0.0
SNOWDEPTH AVG.     0                                   0
DAYS >= 1.0        0                0.0     0.0        0
GREATEST
 SNOW DEPTH        0                                   0
 24 HR TOTAL      MM

DEGREE DAYS
HEATING TOTAL      2                  8      -6        0
 SINCE 7/1         2                  5      -3        0
COOLING TOTAL    214                212       2      293
 SINCE 1/1       830                751      79      887
................................................................

WIND (MPH)
AVERAGE WIND SPEED              5.7
HIGHEST WIND SPEED/DIRECTION    32/320    DATE  08/29
HIGHEST GUST SPEED/DIRECTION    49/320    DATE  08/29

SKY COVER
POSSIBLE SUNSHINE (PERCENT)   MM
AVERAGE SKY COVER           0.55
NUMBER OF DAYS FAIR            6
NUMBER OF DAYS PC             17
NUMBER OF DAYS CLOUDY          8

AVERAGE RH (PERCENT)     75

WEATHER CONDITIONS. NUMBER OF DAYS WITH
THUNDERSTORM              8     MIXED PRECIP               0
HEAVY RAIN                6     RAIN                       4
LIGHT RAIN               13     FREEZING RAIN              0
LT FREEZING RAIN          0     HAIL                       0
HEAVY SNOW                0     SNOW                       0
LIGHT SNOW                0     SLEET                      0
FOG                      22     FOG W/VIS <= 1/4 MILE      1
HAZE                      4

-  INDICATES NEGATIVE NUMBERS.
R  INDICATES RECORD WAS SET OR TIED.
MM INDICATES DATA IS MISSING.
T  INDICATES TRACE AMOUNT.

&&

AUGUST STARTED OUT WITH A SLIGHT ABOVE NORMAL LEAN THROUGH THE 8TH
BEFORE A SLIGHT BELOW NORMAL LEAN TOOK OVER THROUGH THE MIDDLE TO
LATTER PORTION OF THE MONTH. THESE TWO LEANS AVERAGED OUT AND THE
MONTH FINISHED OUT RIGHT AROUND NORMAL FOR THE MONTH OF AUGUST,
WHICH RESULTS IN THE 61ST WARMEST AUGUST WHEN COMPARED TO THE PERIOD
OF RECORD. THERE WERE NO DAILY TEMPERATURE RECORDS SET THIS MONTH.

PRECIPITATION FINISHED OUT JUST OVER A HALF INCH BELOW NORMAL.
DESPITE SEEING 0.1 INCH OR GREATER 6 DAYS THIS MONTH, WHICH IS
GREATER THAN THE MONTHLY AVERAGE OF 5 DAYS, THE RAINFALL TOTALS
THOSE DAYS WERE STILL NOT ENOUGH TO PUSH THE MONTHLY TOTAL ABOVE THE
MONTHLY NORMAL. AS SUCH, THE MONTH FINISHED OUT AS THE 71ST DRIEST
AUGUST WHEN COMPARED TO THE PERIOD OF RECORD. THERE WERE NO DAILY
PRECIPITATION RECORDS SET THIS MONTH.

$$

ROLLER/FISHER/MURPHY
CORRECTED TO INCLUDE PRIOR YEAR HEATING AND COOLING DEGREE DAYS
