000
CXUS54 KTSA 011100
CLMFYV

CLIMATE REPORT
NATIONAL WEATHER SERVICE TULSA OK
600 AM CDT THU SEP 01 2022

...................................

...THE FAYETTEVILLE ARKANSAS CLIMATE SUMMARY FOR THE MONTH OF AUGUST 2022...

CLIMATE NORMAL PERIOD 1991 TO 2020
CLIMATE RECORD PERIOD 1905 TO 2022

WEATHER         OBSERVED          NORMAL  DEPART   LAST YEAR`S
                VALUE   DATE(S)   VALUE   FROM     VALUE DATE(S)
                                          NORMAL
................................................................
TEMPERATURE (F)
RECORD
 HIGH            110   08/03/2011
 LOW              45   08/22/1956
HIGHEST           97   08/15        109     -12       96  08/25
LOWEST            60   08/25         44      16       61  08/04
AVG. MAXIMUM    89.9               89.0     0.9     89.6
AVG. MINIMUM    67.7               64.9     2.8     67.9
MEAN            78.8               76.9     1.9     78.8
DAYS MAX >= 90    20               15.0     5.0       15
DAYS MAX <= 32     0                0.0     0.0        0
DAYS MIN <= 32     0                0.0     0.0        0
DAYS MIN <= 0      0                0.0     0.0        0

PRECIPITATION (INCHES)
RECORD
 MAXIMUM        9.12   1964
 MINIMUM        0.02   2010
TOTALS          4.58               3.17    1.41     0.56
DAILY AVG.      0.15               0.10    0.05     0.02
DAYS >= .01        6                8.4    -2.4        7
DAYS >= .10        6                4.6     1.4        1
DAYS >= .50        3                2.0     1.0        0
DAYS >= 1.00       2                1.1     0.9        0
GREATEST
 24 HR. TOTAL   1.72   08/21 TO 08/21

DEGREE DAYS
HEATING TOTAL      0                  1      -1        0
 SINCE 7/1         0                  0       0       MM
COOLING TOTAL    435                372      63      438
 SINCE 1/1      1631               1159     472       MM
................................................................

WIND (MPH)
AVERAGE WIND SPEED              3.8
HIGHEST WIND SPEED/DIRECTION    37/320    DATE  08/21
HIGHEST GUST SPEED/DIRECTION    51/320    DATE  08/21

SKY COVER
POSSIBLE SUNSHINE (PERCENT)   MM
AVERAGE SKY COVER           0.20
NUMBER OF DAYS FAIR           26
NUMBER OF DAYS PC              3
NUMBER OF DAYS CLOUDY          2

AVERAGE RH (PERCENT)     72

WEATHER CONDITIONS. NUMBER OF DAYS WITH
THUNDERSTORM              6     MIXED PRECIP               0
HEAVY RAIN                5     RAIN                       5
LIGHT RAIN                8     FREEZING RAIN              0
LT FREEZING RAIN          0     HAIL                       0
HEAVY SNOW                0     SNOW                       0
LIGHT SNOW                0     SLEET                      0
FOG                      21     FOG W/VIS <= 1/4 MILE      5
HAZE                      2

-  INDICATES NEGATIVE NUMBERS.
R  INDICATES RECORD WAS SET OR TIED.
MM INDICATES DATA IS MISSING.
T  INDICATES TRACE AMOUNT.

$$
