000
CXUS53 KDDC 011536
CLMGCK

CLIMATE REPORT
NATIONAL WEATHER SERVICE DODGE CITY, KANSAS
1036 AM CDT THU SEP 01 2022

...................................

...THE GARDEN CITY REGIONAL ARPT KS CLIMATE SUMMARY FOR THE MONTH OF AUGUST 2022...

CLIMATE NORMAL PERIOD 1991 TO 2020
CLIMATE RECORD PERIOD 1948 TO 2022

WEATHER         OBSERVED          NORMAL  DEPART   LAST YEAR`S
                VALUE   DATE(S)   VALUE   FROM     VALUE DATE(S)
                                          NORMAL
................................................................
TEMPERATURE (F)
RECORD
 HIGH            109   08/10/1964
 LOW              46   08/28/1976
                       08/20/1950
HIGHEST          102   08/06         MM      MM      106  08/24
                       08/07
LOWEST            56   08/18         MM      MM       57  08/03
                                                          08/04
AVG. MAXIMUM    93.3               89.6     3.7     93.4
AVG. MINIMUM    62.7               62.8    -0.1     63.8
MEAN            78.0               76.2     1.8     78.6
DAYS MAX >= 90    24               17.5     6.5       21
DAYS MAX <= 32     0                0.0     0.0        0
DAYS MIN <= 32     0                0.0     0.0        0
DAYS MIN <= 0      0                0.0     0.0        0

PRECIPITATION (INCHES)
RECORD
 MAXIMUM        6.91   1979
 MINIMUM        0.10   1984
TOTALS          0.16               2.49   -2.33     0.60
DAYS >= .01        1                8.8    -7.8        4
DAYS >= .10        1                4.9    -3.9        3
DAYS >= .50        0                1.7    -1.7        0
DAYS >= 1.00       0                0.6    -0.6        0
GREATEST
 24 HR. TOTAL   0.16   08/27 TO 08/27               0.21  08/01 TO 08/01
                                                          08/12 TO 08/13


DEGREE DAYS
HEATING TOTAL      0                  3      -3        0
 SINCE 7/1         0                  1      -1        0
COOLING TOTAL    410                350      60      427
 SINCE 1/1      1433               1137     296     1178
................................................................

WIND (MPH)
AVERAGE WIND SPEED              9.5
RESULTANT WIND SPEED/DIRECTION   5/150
HIGHEST WIND SPEED/DIRECTION    31/030    DATE  08/19
HIGHEST GUST SPEED/DIRECTION    39/340    DATE  08/07
                                39/010          08/16
                                39/030          08/19

SKY COVER
POSSIBLE SUNSHINE (PERCENT)   MM
AVERAGE SKY COVER           0.10
NUMBER OF DAYS FAIR           27
NUMBER OF DAYS PC              4
NUMBER OF DAYS CLOUDY          0

AVERAGE RH (PERCENT)     59

WEATHER CONDITIONS. NUMBER OF DAYS WITH
THUNDERSTORM              1     MIXED PRECIP               0
HEAVY RAIN                0     RAIN                       1
LIGHT RAIN                2     FREEZING RAIN              0
LT FREEZING RAIN          0     HAIL                       0
HEAVY SNOW                0     SNOW                       0
LIGHT SNOW                0     SLEET                      0
FOG                       7     FOG W/VIS <= 1/4 MILE      0
HAZE                      1

-  INDICATES NEGATIVE NUMBERS.
R  INDICATES RECORD WAS SET OR TIED.
MM INDICATES DATA IS MISSING.
T  INDICATES TRACE AMOUNT.

$$
