000
CXUS51 KPHI 040236
CLMGED

CLIMATE REPORT
NATIONAL WEATHER SERVICE MOUNT HOLLY NJ
1036 PM EDT SAT SEP 03 2022

...................................

...THE GEORGETOWN DE CLIMATE SUMMARY FOR THE MONTH OF AUGUST 2022...

CLIMATE NORMAL PERIOD: 1991 TO 2020
CLIMATE RECORD PERIOD: 1948 TO 2022

WEATHER         OBSERVED          NORMAL  DEPART   LAST YEAR`S
                VALUE   DATE(S)   VALUE   FROM     VALUE
                                          NORMAL
..............................................................
TEMPERATURE (F)
RECORD
 HIGH            100   08/03/2006
                       08/13/2002
                       08/31/1953
 LOW              42   08/30/1986
                       08/29/1986
                       08/31/1976
HIGHEST           97                 MM      MM       94
LOWEST            62                 MM      MM       62
AVG. MAXIMUM    89.3               85.7     3.6     86.0
AVG. MINIMUM    69.1               67.7     1.4     69.8
MEAN            79.2               76.7     2.5     77.9
DAYS MAX >= 90    16                8.0     8.0       10
DAYS MAX <= 32     0                0.0     0.0        0
DAYS MIN <= 32     0                0.0     0.0        0
DAYS MIN <= 0      0                0.0     0.0        0

PRECIPITATION (INCHES)
RECORD
 MAXIMUM       14.15   1967
 MINIMUM        0.14   1995
TOTALS          2.09               3.99   -1.90     5.78
DAILY AVG.      0.07               0.13   -0.06     0.19
DAYS >= .01        9               11.8    -2.8       16
DAYS >= .10        4                5.7    -1.7       11
DAYS >= .50        1                2.8    -1.8        4
DAYS >= 1.00       0                1.7    -1.7        1
GREATEST
 24 HR. TOTAL   1.31   08/04 TO 08/05               1.99


DEGREE DAYS
HEATING TOTAL      0                  0       0        0
 SINCE 7/1         0                  0       0       MM
COOLING TOTAL    452                363      89      411
 SINCE 1/1      1326               1170     156       MM
..............................................................

WIND (MPH)
AVERAGE WIND SPEED              5.4
HIGHEST WIND SPEED/DIRECTION    36/150    DATE  08/05
HIGHEST GUST SPEED/DIRECTION    44/140    DATE  08/05

SKY COVER
POSSIBLE SUNSHINE (PERCENT)   MM
AVERAGE SKY COVER           0.21
NUMBER OF DAYS FAIR           24
NUMBER OF DAYS PC              7
NUMBER OF DAYS CLOUDY          0

AVERAGE RH (PERCENT)     70

WEATHER CONDITIONS. NUMBER OF DAYS WITH
THUNDERSTORM              7     MIXED PRECIP               0
HEAVY RAIN                4     RAIN                       4
LIGHT RAIN               17     FREEZING RAIN              0
LT FREEZING RAIN          0     HEAVY SNOW                 0
SNOW                      0     LIGHT SNOW                 0
SLEET                     0     FOG                       16
FOG W/VIS <= 1/4 MILE     4     HAZE                       0

-  INDICATES NEGATIVE NUMBERS.
R  INDICATES RECORD WAS SET OR TIED.
MM INDICATES DATA IS MISSING.
T  INDICATES TRACE AMOUNT.

$$
