000
CXUS56 KOTX 010853
CLMGEG

CLIMATE REPORT
NATIONAL WEATHER SERVICE SPOKANE WA
153 AM PDT SAT OCT 01 2022

...................................

...THE SPOKANE WA AIRPORT CLIMATE SUMMARY FOR THE MONTH OF SEPTEMBER 2022...

CLIMATE NORMAL PERIOD 1991 TO 2020
CLIMATE RECORD PERIOD 1881 TO 2022

WEATHER         OBSERVED          NORMAL  DEPART   LAST YEAR`S
                VALUE   DATE(S)   VALUE   FROM     VALUE DATE(S)
                                          NORMAL
................................................................
TEMPERATURE (F)
RECORD
 HIGH             98   09/18/1938
                       09/03/1988
 LOW              22   09/23/2000
                       09/24/1926
HIGHEST           96   09/02         MM      MM       88  09/07
LOWEST            43   09/17         MM      MM       41  09/16
                                                          09/29
AVG. MAXIMUM    78.2               73.6     4.6     73.5
AVG. MINIMUM    52.8               48.6     4.2     50.1
MEAN            65.5               61.1     4.4     61.8
DAYS MAX >= 90     3                1.4     1.6        0
DAYS MAX <= 32     0                0.0     0.0        0
DAYS MIN <= 32     0                0.4    -0.4        0
DAYS MIN <= 0      0                0.0     0.0        0

PRECIPITATION (INCHES)
RECORD
 MAXIMUM        5.58   1927
 MINIMUM           T   2012
TOTALS          0.53               0.58   -0.05     1.35
DAILY AVG.      0.02               0.02    0.00     0.05
DAYS >= .01        4                4.7    -0.7        7
DAYS >= .10        1                1.8    -0.8        5
DAYS >= .50        0                0.2    -0.2        0
DAYS >= 1.00       0                0.0     0.0        0
GREATEST
 24 HR. TOTAL   0.46   09/29 TO 09/29               0.47

SNOWFALL (INCHES)
RECORDS
 TOTAL           3.3   2019
TOTALS           0.0                0.1    -0.1      0.0
SINCE 7/1        0.0                0.1    -0.1       MM
SNOWDEPTH AVG.     0                                   0
DAYS >= 1.0        0                0.1    -0.1        0
GREATEST
 SNOW DEPTH        0                                   0  MM
 24 HR TOTAL      MM                                  MM

DEGREE DAYS
HEATING TOTAL     59                162    -103      128
 SINCE 7/1        67                216    -149       MM
COOLING TOTAL     80                 45      35       42
 SINCE 1/1       764                514     250       MM
................................................................

WIND (MPH)
AVERAGE WIND SPEED              6.7
HIGHEST WIND SPEED/DIRECTION    24/260    DATE  09/07
                                24/200          09/22
HIGHEST GUST SPEED/DIRECTION    31/200    DATE  09/22

SKY COVER
POSSIBLE SUNSHINE (PERCENT)   MM
AVERAGE SKY COVER           0.41
NUMBER OF DAYS FAIR           14
NUMBER OF DAYS PC             13
NUMBER OF DAYS CLOUDY          3

AVERAGE RH (PERCENT)     47

WEATHER CONDITIONS. NUMBER OF DAYS WITH
THUNDERSTORM              2     MIXED PRECIP               0
HEAVY RAIN                0     RAIN                       1
LIGHT RAIN                7     FREEZING RAIN              0
LT FREEZING RAIN          0     HAIL                       0
HEAVY SNOW                0     SNOW                       0
LIGHT SNOW                0     SLEET                      0
FOG                       3     FOG W/VIS <= 1/4 MILE      1
HAZE                     11

-  INDICATES NEGATIVE NUMBERS.
R  INDICATES RECORD WAS SET OR TIED.
MM INDICATES DATA IS MISSING.
T  INDICATES TRACE AMOUNT.

$$

SEPTEMBER 2022 FINISHED WARMER THAN NORMAL ACROSS THE REGION.
SPOKANE AND COEUR D`ALENE AREAS FINISHED WITH NEAR NORMAL
PRECIPITATION FOR THE MONTH THANKS TO ONE WET DAY ON THE 29TH.
MEANWHILE THE NE WA MOUNTAINS AND N IDAHO PANHANDLE WERE DRIER THAN
NORMAL. THE MONTH STARTED OFF HOT WITH HIGH TEMPERATURES ON THE 1ST
AND 2ND REACHING THE MID 90S. THE HEAT CAME TO AN END ON THE 3RD
WITH ISOLATED THUNDERSTORMS OVER THE REGION. MEANWHILE FIRES IN NE
WASHINGTON AND MUCH OF IDAHO CONTINUED TO BURN ACTIVE DURING THE
FIRST HALF OF SEPTEMBER.  FROM THE 9TH THROUGH THE 14TH SMOKE
INCREASED OVER THE REGION AS EAST WINDS BROUGHT IN SMOKE FROM
SEVERAL WILDFIRES INTO EASTERN WASHINGTON. FOR SPOKANE THE WORST OF
THE AIR QUALITY WAS FROM THE 11TH THROUGH THE 13TH WITH VALUES
REACHED UNHEALTHY LEVELS. THUNDERSTORMS ON THE 14TH BROUGHT SOME
RELIEF FROM THE SMOKE.  FOR THE REMAINDER OF THE MONTH HIGHS WERE
MAINLY IN THE UPPER 60S AND 70S, EXCEPT FOR A BRIEF AND RAPID WARMUP
ON THE 26TH AND 27TH WHERE SPOKANE REACHED 90F. THIS WARMTH CAME TO
A QUICK END ON THE 29TH WITH RAIN OVER THE REGION. COEUR D`ALENE AND
BAYVIEW ONLY MANAGED TO REACH 55F.  SOME OF THE HIGHER RAIN AMOUNTS
INCLUDE 1.04" IN COEUR D`ALENE AND 0.80" NEAR MOYIE SPRINGS.

A COUPLE RECORDS WERE SET DURING THE MONTH AT THE SPOKANE AIRPORT.
ON THE 27TH A RECORD HIGH TEMPERATURE OF 90F WAS SET.  THIS ALSO
BROKE A RECORD FOR THE LATEST DATE 90F OR WARMER. ON THE 29TH A
DAILY RECORD RAIN OF 0.46 INCHES WAS SET.
