000
CXUS53 KIND 011557
CLMGEZ

CLIMATE REPORT
NATIONAL WEATHER SERVICE INDIANAPOLIS IN
1157 AM EDT THU SEP 01 2022

...................................

...THE SHELBYVILLE IN CLIMATE SUMMARY FOR THE MONTH OF AUGUST 2022...

CLIMATE NORMAL PERIOD 1991 TO 2020
CLIMATE RECORD PERIOD 9999 TO 9999

WEATHER         OBSERVED          NORMAL  DEPART   LAST YEAR`S
                VALUE   DATE(S)   VALUE   FROM     VALUE DATE(S)
                                          NORMAL
................................................................
TEMPERATURE (F)
HIGHEST           92   08/08                          95  08/22
                       08/03
                       08/28
                                                          08/24
LOWEST            55   08/13                          54  08/02
AVG. MAXIMUM    85.5               84.7     0.8     88.1
AVG. MINIMUM    65.0               62.9     2.1     67.0
MEAN            75.2               73.8     1.4     77.6
DAYS MAX >= 90     6                4.7     1.3       12
DAYS MAX <= 32     0                0.0     0.0        0
DAYS MIN <= 32     0                0.0     0.0        0
DAYS MIN <= 0      0                0.0     0.0        0

PRECIPITATION (INCHES)
TOTALS          4.83               3.19    1.64     2.25
DAILY AVG.      0.16               0.10    0.06     0.07
DAYS >= .01       12               11.6     0.4        7
DAYS >= .10        7                5.5     1.5        3
DAYS >= .50        3                2.1     0.9        2
DAYS >= 1.00       1                0.8     0.2        1
GREATEST
 24 HR. TOTAL   2.38   08/29 TO 08/30


DEGREE DAYS
HEATING TOTAL      0                  2      -2        0
 SINCE 7/1         0                  1      -1       MM
COOLING TOTAL    324                275      49      398
 SINCE 1/1      1264                989     275       MM
................................................................

WIND (MPH)
AVERAGE WIND SPEED              5.8
HIGHEST WIND SPEED/DIRECTION    37/300    DATE  08/01
HIGHEST GUST SPEED/DIRECTION    58/300    DATE  08/01

SKY COVER
AVERAGE SKY COVER           0.29

AVERAGE RH (PERCENT)     73

WEATHER CONDITIONS. NUMBER OF DAYS WITH
THUNDERSTORM             10     MIXED PRECIP               0
HEAVY RAIN                5     RAIN                       8
LIGHT RAIN               14     FREEZING RAIN              0
LT FREEZING RAIN          0     HAIL                       0
HEAVY SNOW                0     SNOW                       0
LIGHT SNOW                0     SLEET                      0
FOG                      24     FOG W/VIS <= 1/4 MILE      5
HAZE                      5

-  INDICATES NEGATIVE NUMBERS.
R  INDICATES RECORD WAS SET OR TIED.
MM INDICATES DATA IS MISSING.
T  INDICATES TRACE AMOUNT.

$$
