000
CXUS53 KFGF 011502
CLMGFK

CLIMATE REPORT
NATIONAL WEATHER SERVICE GRAND FORKS
912 AM CDT THU SEP 1 2022

...................................

...THE GRAND FORKS INTL AP ND CLIMATE SUMMARY FOR THE MONTH OF AUGUST 2022...

CLIMATE NORMAL PERIOD 1991 TO 2020
CLIMATE RECORD PERIOD 1941 TO 2022

WEATHER         OBSERVED          NORMAL  DEPART   LAST YEAR`S
                VALUE   DATE(S)   VALUE   FROM     VALUE DATE(S)
                                          NORMAL
................................................................
TEMPERATURE (F)
RECORD
 HIGH            104   08/07/1983
 LOW              30   08/30/1931
HIGHEST           91   08/05         81      10       96  08/18
LOWEST            46   08/08         55      -9       45  08/13
AVG. MAXIMUM    81.5               79.8     1.7     82.6
AVG. MINIMUM    56.7               54.3     2.4     56.7
MEAN            69.1               67.0     2.1     69.7
DAYS MAX >= 90     2                2.6    -0.6        7
DAYS MAX <= 32     0                0.0     0.0        0
DAYS MIN <= 32     0                0.0     0.0        0
DAYS MIN <= 0      0                0.0     0.0        0

PRECIPITATION (INCHES)
RECORD
 MAXIMUM        6.21   2002
 MINIMUM        0.34   1967
TOTALS          1.42               2.81   -1.39     5.06
DAILY AVG.      0.05               0.09   -0.04     0.16
DAYS >= .01        8                8.8    -0.8       11
DAYS >= .10        4                5.2    -1.2        5
DAYS >= .50        1                2.0    -1.0        4
DAYS >= 1.00       0                0.6    -0.6        2
GREATEST
 24 HR. TOTAL   0.87   08/18 TO 08/19

SNOWFALL (INCHES)
RECORDS
 TOTAL            MM   MM
TOTALS           0.0                0.0     0.0      0.0
SINCE 7/1        0.0                0.0     0.0       MM
SNOWDEPTH AVG.     0                                   0
DAYS >= 1.0        0                0.0     0.0        0
GREATEST
 SNOW DEPTH        0                                   0  MM
 24 HR TOTAL      MM

DEGREE DAYS
HEATING TOTAL     11                 49     -38       22
 SINCE 7/1        16                 77     -61       MM
COOLING TOTAL    148                112      36      174
 SINCE 1/1       488                352     136       MM
................................................................

WIND (MPH)
AVERAGE WIND SPEED              8.7
HIGHEST WIND SPEED/DIRECTION    31/290    DATE  08/29
HIGHEST GUST SPEED/DIRECTION    42/300    DATE  08/29

SKY COVER
POSSIBLE SUNSHINE (PERCENT)   MM
AVERAGE SKY COVER           0.44
NUMBER OF DAYS FAIR           11
NUMBER OF DAYS PC             16
NUMBER OF DAYS CLOUDY          4

AVERAGE RH (PERCENT)     70

WEATHER CONDITIONS. NUMBER OF DAYS WITH
THUNDERSTORM              4     MIXED PRECIP               0
HEAVY RAIN                2     RAIN                       3
LIGHT RAIN               12     FREEZING RAIN              0
LT FREEZING RAIN          0     HAIL                       0
HEAVY SNOW                0     SNOW                       0
LIGHT SNOW                0     SLEET                      0
FOG                      11     FOG W/VIS <= 1/4 MILE      1
HAZE                      3

-  INDICATES NEGATIVE NUMBERS.
R  INDICATES RECORD WAS SET OR TIED.
MM INDICATES DATA IS MISSING.
T  INDICATES TRACE AMOUNT.

&&

THE MONTH OF AUGUST AT THE GRAND FORKS INTERNATIONAL AIRPORT WAS
SLIGHTLY ABOVE NORMAL IN TEMPERATURES AND BELOW AVERAGE IN
PRECIPITATION.

THE AVERAGE TEMPERATURE FOR THE MONTH WAS 69.1 DEGREES WHICH WAS 2.1
DEGREES ABOVE NORMAL. THE TEMPERATURES DURING THE MONTH STARTED
SLIGHTLY COOLER BEFORE BECOMING NEAR TO SLIGHTLY ABOVE NORMAL
THROUGH THE LAST HALF OF THE MONTH. NO DAILY TEMPERATURE RECORDS
WERE BROKEN DURING THE MONTH.

PRECIPITATION FOR THE MONTH WAS WELL BELOW NORMAL. TOTAL LIQUID
PRECIPITATION WAS 1.42 INCHES WHICH WAS 1.39 INCHES BELOW NORMAL.
NO RAINFALL RECORDS WERE BROKEN DURING THE MONTH.

REMEMBER, THIS DATA IS PROVISIONAL AND SUBJECT TO CHANGE. THE FINAL
AND OFFICIAL RECORDS WILL BE AVAILABLE FROM THE NATIONAL CENTERS FOR
ENVIRONMENTAL INFORMATION (NCEI).

$$
