000
CXUS51 KALY 011455
CLMGFL

CLIMATE REPORT
NATIONAL WEATHER SERVICE ALBANY NY
1055 AM EDT SAT OCT 01 2022

...................................

...THE GLENS FALLS NY CLIMATE SUMMARY FOR THE MONTH OF SEPTEMBER 2022...

CLIMATE NORMAL PERIOD: 1991 TO 2020
CLIMATE RECORD PERIOD: 1893 TO 2022

WEATHER         OBSERVED          NORMAL  DEPART   LAST YEAR`S
                VALUE   DATE(S)   VALUE   FROM     VALUE DATE(S)
                                          NORMAL
................................................................
TEMPERATURE (F)
RECORD
 HIGH             97   09/02/1953
 LOW              24   09/23/1904
HIGHEST           81   09/04                          82  09/08
                       09/09
                       09/10
LOWEST            31   09/30                          36  09/29
AVG. MAXIMUM    70.5               71.9    -1.4     72.2
AVG. MINIMUM    48.1               47.5     0.6     49.4
MEAN            59.3               59.7    -0.4     60.8
DAYS MAX >= 90     0                0.3    -0.3        0
DAYS MAX <= 32     0                0.0     0.0        0
DAYS MIN <= 32     1                1.2    -0.2        0
DAYS MIN <= 0      0                0.0     0.0        0

PRECIPITATION (INCHES)
RECORD
 MAXIMUM        7.75   1987
 MINIMUM        0.10   1964
TOTALS          4.15               3.30    0.85     4.18
DAILY AVG.      0.14                                0.14
DAYS >= .01       11                9.5     1.5       15
DAYS >= .10       10                6.0     4.0        7
DAYS >= .50        3                2.2     0.8        3
DAYS >= 1.00       0                0.8    -0.8        1
GREATEST
 24 HR. TOTAL   1.44   09/05 TO 09/06

DEGREE DAYS
HEATING TOTAL    180                193     -13      134
 SINCE 7/1       197                239     -42       MM
COOLING TOTAL     15                 34     -19       18
 SINCE 1/1       451                406      45       MM
................................................................

WIND (MPH)
AVERAGE WIND SPEED              4.2
HIGHEST WIND SPEED/DIRECTION    22/320    DATE  09/22
                                22/310          09/23
HIGHEST GUST SPEED/DIRECTION    32/310    DATE  09/22
                                32/310          09/23

SKY COVER
AVERAGE SKY COVER           0.46

AVERAGE RH (PERCENT)     78

WEATHER CONDITIONS. NUMBER OF DAYS WITH
THUNDERSTORM              5     MIXED PRECIP               0
HEAVY RAIN                5     RAIN                       7
LIGHT RAIN               13     FREEZING RAIN              0
LT FREEZING RAIN          0     HAIL                       0
HEAVY SNOW                0     SNOW                       0
LIGHT SNOW                0     SLEET                      0
FOG                      27     FOG W/VIS <= 1/4 MILE      7
HAZE                      1

-  INDICATES NEGATIVE NUMBERS.
R  INDICATES RECORD WAS SET OR TIED.
MM INDICATES DATA IS MISSING.
T  INDICATES TRACE AMOUNT.

$$
