000
CXUS55 KGGW 011033
CLMGGW

CLIMATE REPORT
NATIONAL WEATHER SERVICE GLASGOW, MT
237 AM MDT SAT OCT 01 2022

...................................

...THE GLASGOW MT CLIMATE SUMMARY FOR THE MONTH OF SEPTEMBER 2022...

CLIMATE NORMAL PERIOD: 1991 TO 2020
CLIMATE RECORD PERIOD: 1893 TO 2022

WEATHER         OBSERVED          NORMAL  DEPART   LAST YEAR`S
                VALUE   DATE(S)   VALUE   FROM     VALUE DATE(S)
                                          NORMAL
................................................................
TEMPERATURE (F)
RECORD
 HIGH            106   09/07/2022
 LOW              14   09/25/1928
HIGHEST          106R  09/07                          99
LOWEST            34   09/21                          34
AVG. MAXIMUM    81.6               72.9     8.7     79.4
AVG. MINIMUM    50.2                        3.3     47.7
MEAN            65.9               59.9     6.0     63.6
DAYS MAX >= 90     5                                   5
DAYS MAX <= 32     0                                   0
DAYS MIN <= 32     0                                   0
DAYS MIN <= 0      0                                   0

PRECIPITATION (INCHES)
RECORD
 MAXIMUM        4.72   1938
 MINIMUM        0.00   1899
TOTALS          0.13               1.06   -0.93     0.04
DAILY AVG.      0.00               0.04   -0.04     0.00
DAYS >= .01        2                                   2
DAYS >= .10        1
DAYS >= .50        0                                   0
DAYS >= 1.00       0                                   0
GREATEST
 24 HR. TOTAL   0.10   09/17 TO 09/17

SNOWFALL (INCHES)
RECORDS
 TOTAL           4.6   1926
 SNOW DEPTH        2   09/24/1984
TOTALS           0.0                0.0     0.0      0.0
 LIQUID EQUIV   0.00               0.00    0.00     0.00
SINCE 7/1        0.0                0.0     0.0       MM
 LIQUID 7/1     0.00               0.00    0.00       MM
SNOWDEPTH AVG.     0                                   0
DAYS >= TRACE      0                                   0
DAYS >= 1.0        0                                   0
GREATEST
 SNOW DEPTH        0                                   0  MM
 24 HR TOTAL      MM

DEGREE DAYS
HEATING TOTAL     85                200    -115       95
 SINCE 7/1        88                244    -156       MM
COOLING TOTAL    121                 47      74       60
 SINCE 1/1       938                582     356       MM
................................................................

WIND (MPH)
AVERAGE WIND SPEED              10.9
HIGHEST WIND SPEED/DIRECTION    32/100    DATE  09/13
HIGHEST GUST SPEED/DIRECTION    40/260    DATE  09/07
                                40/120          09/13

SKY COVER
POSSIBLE SUNSHINE (PERCENT)   MM
AVERAGE SKY COVER           0.11
NUMBER OF DAYS FAIR           27
NUMBER OF DAYS PC              3
NUMBER OF DAYS CLOUDY          0

AVERAGE RH (PERCENT)     45

WEATHER CONDITIONS. NUMBER OF DAYS WITH
THUNDERSTORM              1     MIXED PRECIP               0
HEAVY RAIN                0     RAIN                       1
LIGHT RAIN                6     FREEZING RAIN              0
LT FREEZING RAIN          0     HAIL                       0
HEAVY SNOW                0     SNOW                       0
LIGHT SNOW                0     SLEET                      0
FOG                       1     FOG W/VIS <= 1/4 MILE      0
HAZE                      2

-  INDICATES NEGATIVE NUMBERS.
R  INDICATES RECORD WAS SET OR TIED.
MM INDICATES DATA IS MISSING.
T  INDICATES TRACE AMOUNT.

&&

SEPTEMBER WAS A DRY AND WARM MONTH FOR GLASGOW. THERE WERE TWO DAYS
WITH VISIBILITY OBSTRUCTIONS OF SMOKE AND HAZE FROM FIRES OUT WEST
AT THE BEGINNING OF THE MONTH.

THE TEMPERATURE AVERAGED 65.9 DEGREES WHICH WAS 8 DEGREES ABOVE
NORMAL. IT WAS THE WARMEST SEPTEMBER EVER ON GLASGOW`S PERIOD OF
RECORD WHICH IS 128 YEARS. IT WAS ALSO HAD THE WARMEST TEMPERATURES
EVER EXPERIENCED IN SEPTEMBER AT 106 ON THE 7TH. THERE WERE 3 DAYS
THAT BROKE A HUNDRED DEGREES WITH THE 1ST AND THE 3RD BEING THE
OTHER 2. THERE WERE 5 DAYS ABOVE 90 DEGREES WITH THE 4TH AND THE 5TH
INCLUDED. THE LOWEST TEMPERATURES WAS 34 EXPERIENCED ON THE 21ST.
THIS TIES IT WITH 8 OTHER YEARS FOR 19TH PLACE FOR THE WARMEST LOW
IN 128 YEARS.

IT WAS A DRY MONTH WITH ONLY 0.13 INCH OF PRECIPITATION. NORMAL
PRECIPITATION IS 1.06 INCHES. THIS MAKES IT THE 11TH DRIEST YEAR ON
RECORD.

THE PEAK SUSTAINED WIND FOR THE MONTH WAS 32 MPH ON THE 13TH WHILE
PEAK WIND GUST WAS 40 MPH ON THE 7TH. THERE WERE ONLY 2 DAYS WITH
PEAK SUSTAINED WIND SPEED ABOVE 30 MPH WITH THE OTHER BEING THE
22ND. THE WINDIEST DAY WAS THE 13TH WITH AN AVERAGE WIND SPEED OF
20.2 MPH THROUGHOUT THE DAY.

LOOKING AHEAD TO OCTOBER, THE NORMAL HIGH STARTS WITH 65 ON THE 1ST
AND COOLS TO 48 BY THE END OF THE MONTH. THE NORMAL LOW STARTS AT 41
AND COOLS TO 27 BY THE END OF THE MONTH.

$$
