000
CXUS55 KGJT 011723
CLMGJT

CLIMATE REPORT
NATIONAL WEATHER SERVICE GRAND JUNCTION CO
1123 AM MDT SAT OCT 01 2022

...................................

...THE GRAND JUNCTION CO CLIMATE SUMMARY FOR THE MONTH OF SEPTEMBER 2022...

CLIMATE NORMAL PERIOD 1991 TO 2020
CLIMATE RECORD PERIOD 1893 TO 2022

WEATHER         OBSERVED          NORMAL  DEPART   LAST YEAR`S
                VALUE   DATE(S)   VALUE   FROM     VALUE DATE(S)
                                          NORMAL
................................................................
TEMPERATURE (F)
RECORD
 HIGH            102   09/06/2022
 LOW              28   09/27/1908
HIGHEST          102R  09/06         86      16       94  09/09
                                                          09/10
LOWEST            46   09/24         45       1       43  09/22
AVG. MAXIMUM    85.5               81.7     3.8     83.6
AVG. MINIMUM    56.9               52.5     4.4     54.5
MEAN            71.2               67.1     4.1     69.0
DAYS MAX >= 90    10                4.2     5.8        7
DAYS MAX <= 32     0                0.0     0.0        0
DAYS MIN <= 32     0                0.1    -0.1        0
DAYS MIN <= 0      0                0.0     0.0        0

PRECIPITATION (INCHES)
RECORD
 MAXIMUM        3.78   1896
 MINIMUM           T   2018
TOTALS          2.29               1.19    1.10     1.89
DAILY AVG.      0.08               0.04    0.04     0.06
DAYS >= .01        9                6.5     2.5        7
DAYS >= .10        6                3.7     2.3        3
DAYS >= .50        1                0.5     0.5        2
DAYS >= 1.00       1                0.1     0.9        0
GREATEST
 24 HR. TOTAL   1.41   09/14 TO 09/15               0.90

SNOWFALL (INCHES)
RECORDS
 TOTAL           3.1   1965
TOTALS           0.0                0.0     0.0      0.0
SINCE 7/1        0.0                0.0     0.0        0
SNOWDEPTH AVG.     0                                   0
DAYS >= 1.0        0                0.0     0.0        0
GREATEST
 SNOW DEPTH        0                                   0
 24 HR TOTAL     0.0                                 0.0

DEGREE DAYS
HEATING TOTAL      8                 59     -51       26
 SINCE 7/1         8                 58     -50       35
COOLING TOTAL    202                122      80      154
 SINCE 1/1      1514               1228     286      1498
................................................................

WIND (MPH)
AVERAGE WIND SPEED              7.9
HIGHEST WIND SPEED/DIRECTION    29/090    DATE  09/30
HIGHEST GUST SPEED/DIRECTION    39/180    DATE  09/19

SKY COVER
POSSIBLE SUNSHINE (PERCENT)   MM
AVERAGE SKY COVER           0.17
NUMBER OF DAYS FAIR           23
NUMBER OF DAYS PC              6
NUMBER OF DAYS CLOUDY          1

AVERAGE RH (PERCENT)     41

WEATHER CONDITIONS. NUMBER OF DAYS WITH
THUNDERSTORM              5     MIXED PRECIP               0
HEAVY RAIN                5     RAIN                       3
LIGHT RAIN               12     FREEZING RAIN              0
LT FREEZING RAIN          0     HAIL                       0
HEAVY SNOW                0     SNOW                       0
LIGHT SNOW                0     SLEET                      0
FOG                       4     FOG W/VIS <= 1/4 MILE      0
HAZE                     13

-  INDICATES NEGATIVE NUMBERS.
R  INDICATES RECORD WAS SET OR TIED.
MM INDICATES DATA IS MISSING.
T  INDICATES TRACE AMOUNT.

$$
