000
CXUS53 KGLD 011506
CLMGLD

CLIMATE REPORT
NATIONAL WEATHER SERVICE
906 AM MDT THU SEP 01 2022

...................................

...THE GOODLAND KS CLIMATE SUMMARY FOR THE MONTH OF AUGUST 2022...

CLIMATE NORMAL PERIOD: 1991 TO 2020
CLIMATE RECORD PERIOD: 1895 TO 2022

WEATHER         OBSERVED          NORMAL  DEPART   LAST YEAR`S
                VALUE   DATE(S)   VALUE   FROM     VALUE DATE(S)
                                          NORMAL
................................................................
TEMPERATURE (F)
RECORD
 HIGH            108   08/06/1970
                       08/02/1938
                       08/09/1937
 LOW              38   08/23/1964
HIGHEST          101   08/05        100       1      101  08/09
                       08/14                              08/24
                                                          08/26
LOWEST            49   08/24         51      -2       56  08/02
                                                          08/21
AVG. MAXIMUM    92.3               87.5     4.8     93.0
AVG. MINIMUM    60.5               59.8     0.7     61.0
MEAN            76.4               73.6     2.8     77.0
DAYS MAX >= 90    23               13.9     9.1       23
DAYS MAX <= 32     0                0.0     0.0        0
DAYS MIN <= 32     0                0.0     0.0        0
DAYS MIN <= 0      0                0.0     0.0        0

PRECIPITATION (INCHES)
RECORD
 MAXIMUM        9.47   2019
 MINIMUM        0.13   1964
TOTALS          0.58               3.06   -2.48     0.82
DAILY AVG.      0.02               0.10   -0.08     0.03
DAYS >= .01        6                9.2    -3.2        8
DAYS >= .10        2                5.2    -3.2        3
DAYS >= .50        0                2.1    -2.1        0
DAYS >= 1.00       0                0.9    -0.9        0
GREATEST
 24 HR. TOTAL   0.25   08/09 TO 08/09               0.28
 STORM TOTAL    0.25
 (MM/DD(HH))

SNOWFALL (INCHES)
RECORDS
 TOTAL             T
TOTALS           0.0                0.0     0.0        T
SINCE 7/1          T                0.0     0.0
SNOWDEPTH AVG.     0                                   0
DAYS >= 1.0        0                0.0     0.0        0
GREATEST
 SNOW DEPTH        0                                   0

DEGREE DAYS
HEATING TOTAL      0                  8      -8        0
 SINCE 7/1         0                  7      -7        0
COOLING TOTAL    360                276      84      381
 SINCE 1/1      1150                869     281      996
................................................................

WIND (MPH)
AVERAGE WIND SPEED              9.7
HIGHEST WIND SPEED/DIRECTION    45/330    DATE  08/31
HIGHEST GUST SPEED/DIRECTION    59/340    DATE  08/31

SKY COVER
AVERAGE SKY COVER           0.12

AVERAGE RH (PERCENT)     54

WEATHER CONDITIONS. NUMBER OF DAYS WITH
THUNDERSTORM              5     MIXED PRECIP               0
HEAVY RAIN                2     RAIN                       1
LIGHT RAIN                6     FREEZING RAIN              0
LT FREEZING RAIN          0     HAIL                       0
HEAVY SNOW                0     SNOW                       0
LIGHT SNOW                0     SLEET                      0
FOG                       5     FOG W/VIS <= 1/4 MILE      2
HAZE                      3

-  INDICATES NEGATIVE NUMBERS.
R  INDICATES RECORD WAS SET OR TIED.
MM INDICATES DATA IS MISSING.
T  INDICATES TRACE AMOUNT.

$$
