000
CXUS54 KJAN 012058
CLMGLH

CLIMATE REPORT
NATIONAL WEATHER SERVICE JACKSON MS
358 PM CDT SAT OCT 01 2022

...................................

...THE GREENVILLE CLIMATE SUMMARY FOR THE MONTH OF SEPTEMBER 2022...

CLIMATE NORMAL PERIOD: 1991 TO 2020
CLIMATE RECORD PERIOD: 1903 TO 2022

WEATHER         OBSERVED          NORMAL  DEPART   LAST YEAR`S
                VALUE   DATE(S)   VALUE   FROM     VALUE DATE(S)
                                          NORMAL
................................................................
TEMPERATURE (F)
RECORD
 HIGH            107   09/08/1925
                       09/06/1925
 LOW              37   09/29/1942
HIGHEST          101   09/21         MM      MM       97  09/01
LOWEST            49   09/27         MM      MM       51  09/24
AVG. MAXIMUM    91.6               88.0     3.6     88.9
AVG. MINIMUM    62.1               64.0    -1.9     64.6
MEAN            76.9               76.0     0.9     76.8
DAYS MAX >= 90    22               14.0     8.0       11
DAYS MAX <= 32     0                0.0     0.0        0
DAYS MIN <= 32     0                0.0     0.0        0
DAYS MIN <= 0      0                0.0     0.0        0

PRECIPITATION (INCHES)
RECORD
 MAXIMUM       15.19   1958
 MINIMUM        0.00   1931
TOTALS          0.08               3.62   -3.54     2.16
DAILY AVG.      0.00               0.12   -0.12     0.07
DAYS >= .01        3                7.0    -4.0        7
DAYS >= .10        0                4.2    -4.2        4
DAYS >= .50        0                2.0    -2.0        1
DAYS >= 1.00       0                1.2    -1.2        1
GREATEST
 24 HR. TOTAL   0.05   09/03 TO 09/03               1.50

SNOWFALL (INCHES)
TOTALS           0.0

DEGREE DAYS
HEATING TOTAL      0                  4      -4        0
 SINCE 7/1         0                  2      -2       MM
COOLING TOTAL    363                334      29      358
 SINCE 1/1      2518               2171     347       MM
................................................................

WIND (MPH)
AVERAGE WIND SPEED              5.0
HIGHEST WIND SPEED/DIRECTION    22/350    DATE  09/22
HIGHEST GUST SPEED/DIRECTION    30/030    DATE  09/28

SKY COVER
POSSIBLE SUNSHINE (PERCENT)   MM
AVERAGE SKY COVER           0.16
NUMBER OF DAYS FAIR           26
NUMBER OF DAYS PC              4
NUMBER OF DAYS CLOUDY          0

AVERAGE RH (PERCENT)     62

WEATHER CONDITIONS. NUMBER OF DAYS WITH
THUNDERSTORM              5     MIXED PRECIP               0
HEAVY RAIN                0     RAIN                       1
LIGHT RAIN                2     FREEZING RAIN              0
LT FREEZING RAIN          0     HAIL                       0
HEAVY SNOW                0     SNOW                       0
LIGHT SNOW                0     SLEET                      0
FOG                      10     FOG W/VIS <= 1/4 MILE      3
HAZE                     12

-  INDICATES NEGATIVE NUMBERS.
R  INDICATES RECORD WAS SET OR TIED.
MM INDICATES DATA IS MISSING.
T  INDICATES TRACE AMOUNT.

$$
