000
CXUS54 KHGX 011336
CLMGLS

CLIMATE REPORT
NATIONAL WEATHER SERVICE HOUSTON/GALVESTON TX
836 AM CDT THU SEP 01 2022

...................................

...THE GALVESTON CLIMATE SUMMARY FOR THE MONTH OF AUGUST 2022...

CLIMATE NORMAL PERIOD: 1991 TO 2020
CLIMATE RECORD PERIOD: 1875 TO 2022

WEATHER         OBSERVED          NORMAL  DEPART   LAST YEAR`S
                VALUE   DATE(S)   VALUE   FROM     VALUE DATE(S)
                                          NORMAL
................................................................
TEMPERATURE (F)
RECORD
 HIGH            100   08/27/2011
                       08/31/2000
                       08/25/1924
 LOW              67   08/25/1966
                       08/25/1930
                       08/27/1913
HIGHEST           95   08/03         MM      MM       97  08/30
                       08/10
                       08/18
LOWEST            77   08/18         MM      MM       76  08/06
                       08/24
                                                          08/27
AVG. MAXIMUM    91.9               92.0    -0.1     91.7
AVG. MINIMUM    81.6                        1.8
MEAN            86.8               85.9     0.9     86.6
DAYS MAX >= 90    26               24.0     2.0       26
DAYS MAX <= 32     0                0.0     0.0        0
DAYS MIN <= 32     0                0.0     0.0        0
DAYS MIN <= 0      0                0.0     0.0        0

PRECIPITATION (INCHES)
RECORD
 MAXIMUM       26.67   2017
TOTALS          7.40               4.71    2.69     3.50
DAILY AVG.      0.24               0.15    0.09     0.11
DAYS >= .01       18                8.3     9.7       15
DAYS >= .10       15                5.2     9.8        7
DAYS >= .50        8                2.5     5.5        4
DAYS >= 1.00       1                1.5    -0.5        0
GREATEST
 24 HR. TOTAL   1.51   08/18 TO 08/19               1.32  08/26 TO 08/27

SNOWFALL (INCHES)
RECORDS
 TOTAL            MM   MM
TOTALS           0.0
SINCE 7/1        0.0
 LIQUID 7/1     0.00
DAYS >= TRACE      0
GREATEST
 24 HR TOTAL      MM

DEGREE DAYS
HEATING TOTAL      0                  0       0
 SINCE 7/1         0                  0       0
COOLING TOTAL    683                648      35
 SINCE 1/1      3132               2585     547
................................................................

WIND (MPH)
AVERAGE WIND SPEED              10.1
HIGHEST WIND SPEED/DIRECTION    31/360    DATE  08/10
HIGHEST GUST SPEED/DIRECTION    41/010    DATE  08/10
                                41/190          08/29

SKY COVER
AVERAGE SKY COVER           0.27

AVERAGE RH (PERCENT)     70

WEATHER CONDITIONS. NUMBER OF DAYS WITH
THUNDERSTORM             10     MIXED PRECIP               0
HEAVY RAIN               11     RAIN                      11
LIGHT RAIN               20     FREEZING RAIN              0
LT FREEZING RAIN          0     HAIL                       0
HEAVY SNOW                0     SNOW                       0
LIGHT SNOW                0     SLEET                      0
FOG                       5     FOG W/VIS <= 1/4 MILE      0
HAZE                      4

-  INDICATES NEGATIVE NUMBERS.
R  INDICATES RECORD WAS SET OR TIED.
MM INDICATES DATA IS MISSING.
T  INDICATES TRACE AMOUNT.

$$
