000
CXUS52 KJAX 011316
CLMGNV

CLIMATE REPORT
NATIONAL WEATHER SERVICE JACKSONVILLE FL
916 AM EDT THU SEP 01 2022

...................................

...THE GAINESVILLE CLIMATE SUMMARY FOR THE MONTH OF AUGUST 2022...

CLIMATE NORMAL PERIOD: 1991 TO 2020
CLIMATE RECORD PERIOD: 1890 TO 2022

WEATHER         OBSERVED          NORMAL  DEPART   LAST YEAR`S
                VALUE   DATE(S)   VALUE   FROM     VALUE DATE(S)
                                          NORMAL
................................................................
TEMPERATURE (F)
RECORD
 HIGH            100   08/27/2011
 LOW              60   08/22/1930
HIGHEST           96   08/01         95       1       95  08/20
LOWEST            66   08/15         68      -2       70  08/24
AVG. MAXIMUM    91.8               90.5     1.3     89.9
AVG. MINIMUM    72.5               72.0     0.5     73.8
MEAN            82.1               81.3     0.8     81.9
DAYS MAX >= 90    27               21.0     6.0       20
DAYS MIN <= 32     0                0.0     0.0        0

PRECIPITATION (INCHES)
RECORD
 MAXIMUM       15.84   1985
 MINIMUM        1.45   1950
TOTALS         11.73               6.40    5.33     8.21
DAILY AVG.      0.38               0.21    0.17     0.26
DAYS >= .01       22               16.1     5.9       19
DAYS >= .10       11               10.4     0.6       13
DAYS >= .50        6                4.0     2.0        8
DAYS >= 1.00       4                2.1     1.9        1
GREATEST
 24 HR. TOTAL   2.78   08/03 TO 08/03

SNOWFALL (INCHES)
RECORDS
 TOTAL             T   1989
TOTALS           0.0                0.0     0.0      0.0

DEGREE DAYS
HEATING TOTAL      0                  0       0        0
 SINCE 7/1         0                  0       0       MM
COOLING TOTAL    537                504      33      529
 SINCE 1/1      2301               2017     284       MM
................................................................

WIND (MPH)
AVERAGE WIND SPEED              3.5
HIGHEST WIND SPEED/DIRECTION    32/210    DATE  08/22
HIGHEST GUST SPEED/DIRECTION    44/140    DATE  08/20

SKY COVER
AVERAGE SKY COVER           0.24

AVERAGE RH (PERCENT)     75

WEATHER CONDITIONS. NUMBER OF DAYS WITH
THUNDERSTORM             22     MIXED PRECIP               0
HEAVY RAIN               13     RAIN                      17
LIGHT RAIN               24     FREEZING RAIN              0
LT FREEZING RAIN          0     HAIL                       0
HEAVY SNOW                0     SNOW                       0
LIGHT SNOW                0     SLEET                      0
FOG                      22     FOG W/VIS <= 1/4 MILE      2
HAZE                      0

-  INDICATES NEGATIVE NUMBERS.
R  INDICATES RECORD WAS SET OR TIED.
MM INDICATES DATA IS MISSING.
T  INDICATES TRACE AMOUNT.

$$
