000
CXUS55 KMSO 021447
CLMGPI

CLIMATE REPORT
NATIONAL WEATHER SERVICE MISSOULA MT
847 AM MDT FRI SEP 02 2022

...................................

...THE KALISPELL MT CLIMATE SUMMARY FOR THE MONTH OF AUGUST 2022...

CLIMATE NORMAL PERIOD 1991 TO 2020
CLIMATE RECORD PERIOD 1894 TO 2022

WEATHER         OBSERVED          NORMAL  DEPART   LAST YEAR`S
                VALUE   DATE(S)   VALUE   FROM     VALUE
                                          NORMAL
..............................................................
TEMPERATURE (F)
RECORD
 HIGH            105   08/04/1961
 LOW              30   08/28/2000
                       08/25/1910
HIGHEST           96   08/01         MM      MM       98
LOWEST            35   08/28         MM      MM       33
AVG. MAXIMUM    86.9               81.7     5.2     80.0
AVG. MINIMUM    48.2               45.7     2.5     49.7
MEAN            67.5               63.7     3.8
DAYS MAX >= 90    11                6.1     4.9        7
DAYS MAX <= 32     0                0.0     0.0        0
DAYS MIN <= 32     0                0.3    -0.3        0
DAYS MIN <= 0      0                0.0     0.0        0

PRECIPITATION (INCHES)
RECORD
 MAXIMUM        3.78   1976
 MINIMUM           T   1955
TOTALS          0.14               0.76   -0.62
DAILY AVG.      0.00               0.02   -0.02     0.06
DAYS >= .01        5                6.4    -1.4       10
DAYS >= .10        0                2.3    -2.3        5
DAYS >= .50        0                0.2    -0.2        0
DAYS >= 1.00       0                0.0     0.0        0
GREATEST
 24 HR. TOTAL   0.09   08/12 TO 08/13               0.63

SNOWFALL (INCHES)
TOTALS           0.0                0.0     0.0      0.0
SINCE 7/1        0.0                0.0     0.0       MM
DAYS >= TRACE      0                0.0     0.0        0
DAYS >= 1.0        0                0.0     0.0        0
GREATEST
 SNOW DEPTH        0
 24 HR TOTAL      MM                                  MM

DEGREE DAYS
HEATING TOTAL     30                 95     -65
 SINCE 7/1        46                169    -123
COOLING TOTAL    117                 54      63
 SINCE 1/1       237                139      98
..............................................................

WIND (MPH)
AVERAGE WIND SPEED              4.7
HIGHEST WIND SPEED/DIRECTION    30/250    DATE  08/12
HIGHEST GUST SPEED/DIRECTION    42/250    DATE  08/12

SKY COVER
POSSIBLE SUNSHINE (PERCENT)   MM
AVERAGE SKY COVER           0.09
NUMBER OF DAYS FAIR           29
NUMBER OF DAYS PC              2
NUMBER OF DAYS CLOUDY          0

AVERAGE RH (PERCENT)     56

WEATHER CONDITIONS. NUMBER OF DAYS WITH
THUNDERSTORM              9     MIXED PRECIP               0
HEAVY RAIN                0     RAIN                       2
LIGHT RAIN                7     FREEZING RAIN              0
LT FREEZING RAIN          0     HAIL                       0
HEAVY SNOW                0     SNOW                       0
LIGHT SNOW                0     SLEET                      0
FOG                       6     FOG W/VIS <= 1/4 MILE      2
HAZE                      0

-  INDICATES NEGATIVE NUMBERS.
R  INDICATES RECORD WAS SET OR TIED.
MM INDICATES DATA IS MISSING.
T  INDICATES TRACE AMOUNT.

$$
