000
CXUS53 KGRB 011000
CLMGRB

CLIMATE REPORT
NATIONAL WEATHER SERVICE GREEN BAY
500 AM CDT THU SEP 01 2022

...................................

...THE GREEN BAY WI CLIMATE SUMMARY FOR THE MONTH OF AUGUST 2022...

CLIMATE NORMAL PERIOD: 1991 TO 2020
CLIMATE RECORD PERIOD: 1886 TO 2022

WEATHER         OBSERVED          NORMAL  DEPART   LAST YEAR`S
                VALUE   DATE(S)   VALUE   FROM     VALUE DATE(S)
                                          NORMAL
................................................................
TEMPERATURE (F)
RECORD
 HIGH            100   08/24/1948
 LOW              38   08/22/1967
                       08/29/1965
                       08/22/1950
HIGHEST           89   08/06         90      -1       88  08/10
LOWEST            52   08/09         44       8       52  08/14
                       08/12
AVG. MAXIMUM    80.9               78.9     2.0     81.5
AVG. MINIMUM    60.0               58.2     1.8     60.7
MEAN            70.5               68.6     1.9     71.1
DAYS MAX >= 90     0                1.0    -1.0        0
DAYS MAX <= 32     0                0.0     0.0        0
DAYS MIN <= 32     0                0.0     0.0        0
DAYS MIN <= 0      0                0.0     0.0        0

PRECIPITATION (INCHES)
RECORD
 MAXIMUM        9.04   1975
 MINIMUM        0.36   1899
TOTALS          4.44               3.39    1.05     8.30
DAYS >= .01       10               10.2    -0.2       10
DAYS >= .10        7                6.3     0.7        9
DAYS >= .50        4                2.1     1.9        4
DAYS >= 1.00       2                0.8     1.2        3
GREATEST
 24 HR. TOTAL   2.16   08/06 TO 08/07

SNOWFALL (INCHES)
RECORDS
 TOTAL           0.0   MM
TOTALS           0.0                0.0     0.0      0.0
SINCE 7/1        0.0                0.0     0.0       MM
SNOWDEPTH AVG.     0                                   0
DAYS >= 1.0        0                0.0     0.0        0
GREATEST
 SNOW DEPTH        0                                   0  MM
 24 HR TOTAL      MM

DEGREE DAYS
HEATING TOTAL      1                 27     -26        0
 SINCE 7/1         1                 39     -38       MM
COOLING TOTAL    179                137      42      199
 SINCE 1/1       632                457     175       MM
................................................................

WIND (MPH)
AVERAGE WIND SPEED              6.2
HIGHEST WIND SPEED/DIRECTION    24/210    DATE  08/06
HIGHEST GUST SPEED/DIRECTION    38/340    DATE  08/08

SKY COVER
POSSIBLE SUNSHINE (PERCENT)   MM
AVERAGE SKY COVER           0.33
NUMBER OF DAYS FAIR           20
NUMBER OF DAYS PC              6
NUMBER OF DAYS CLOUDY          5

AVERAGE RH (PERCENT)     72

WEATHER CONDITIONS. NUMBER OF DAYS WITH
THUNDERSTORM              6     MIXED PRECIP               0
HEAVY RAIN                6     RAIN                       7
LIGHT RAIN               13     FREEZING RAIN              0
LT FREEZING RAIN          0     HAIL                       0
HEAVY SNOW                0     SNOW                       0
LIGHT SNOW                0     SLEET                      0
FOG                      18     FOG W/VIS <= 1/4 MILE      3
HAZE                      6

-  INDICATES NEGATIVE NUMBERS.
R  INDICATES RECORD WAS SET OR TIED.
MM INDICATES DATA IS MISSING.
T  INDICATES TRACE AMOUNT.

$$
