000
CXUS53 KGID 011230
CLMGRI

CLIMATE REPORT
NATIONAL WEATHER SERVICE HASTINGS NE
730 AM CDT THU SEP 01 2022

...................................

...THE GRAND ISLAND NE CLIMATE SUMMARY FOR THE MONTH OF AUGUST 2022...

CLIMATE NORMAL PERIOD 1991 TO 2020
CLIMATE RECORD PERIOD 1895 TO 2022

WEATHER         OBSERVED          NORMAL  DEPART   LAST YEAR`S
                VALUE   DATE(S)   VALUE   FROM     VALUE DATE(S)
                                          NORMAL
................................................................
TEMPERATURE (F)
RECORD
 HIGH            112   08/08/1934
 LOW              38   08/24/1928
HIGHEST           97   08/02         98      -1       96  08/09
                       08/31
LOWEST            55   08/21         51       4       55  08/02
AVG. MAXIMUM    88.7               85.8     2.9     87.6
AVG. MINIMUM    63.3               63.5    -0.2     65.0
MEAN            76.0               74.6     1.4     76.3
DAYS MAX >= 90    15                8.1     6.9       10
DAYS MAX <= 32     0                0.0     0.0        0
DAYS MIN <= 32     0                0.0     0.0        0
DAYS MIN <= 0      0                0.0     0.0        0

PRECIPITATION (INCHES)
RECORD
 MAXIMUM       11.94   2019
 MINIMUM        0.33   1919
TOTALS          0.45               3.20   -2.75     4.53
DAILY AVG.      0.01               0.10   -0.09     0.15
DAYS >= .01        5                8.5    -3.5        6
DAYS >= .10        1                5.5    -4.5        6
DAYS >= .50        0                2.0    -2.0        4
DAYS >= 1.00       0                0.9    -0.9        2
GREATEST
 24 HR. TOTAL   0.35   08/27 TO 08/27

SNOWFALL (INCHES)
RECORDS
 TOTAL           0.0   MM
TOTALS           0.0                0.0     0.0      0.0
SINCE 7/1        0.0                0.0     0.0       MM
DAYS >= 1.0        0                0.0     0.0        0
GREATEST
 SNOW DEPTH        0                                   0
 24 HR TOTAL      MM

DEGREE DAYS
HEATING TOTAL      1                  4      -3        0
 SINCE 7/1         1                  2      -1       MM
COOLING TOTAL    349                304      45      361
 SINCE 1/1      1212               1008     204       MM
................................................................

WIND (MPH)
AVERAGE WIND SPEED              8.4
HIGHEST WIND SPEED/DIRECTION    26/170    DATE  08/27
HIGHEST GUST SPEED/DIRECTION    37/190    DATE  08/27

SKY COVER
POSSIBLE SUNSHINE (PERCENT)   MM
AVERAGE SKY COVER           0.15
NUMBER OF DAYS FAIR           28
NUMBER OF DAYS PC              1
NUMBER OF DAYS CLOUDY          2

AVERAGE RH (PERCENT)     64

WEATHER CONDITIONS. NUMBER OF DAYS WITH
THUNDERSTORM              5     MIXED PRECIP               0
HEAVY RAIN                0     RAIN                       1
LIGHT RAIN                9     FREEZING RAIN              0
LT FREEZING RAIN          0     HAIL                       0
HEAVY SNOW                0     SNOW                       0
LIGHT SNOW                0     SLEET                      0
FOG                       8     FOG W/VIS <= 1/4 MILE      1
HAZE                      3

-  INDICATES NEGATIVE NUMBERS.
R  INDICATES RECORD WAS SET OR TIED.
MM INDICATES DATA IS MISSING.
T  INDICATES TRACE AMOUNT.

$$
