000
CXUS52 KRAH 011338
CLMGSO

CLIMATE REPORT
NATIONAL WEATHER SERVICE RALEIGH NC
938 AM EDT THU SEP 01 2022

...................................

...THE GREENSBORO NC CLIMATE SUMMARY FOR THE MONTH OF AUGUST 2022...

CLIMATE NORMAL PERIOD 1991 TO 2020
CLIMATE RECORD PERIOD 1903 TO 2022

WEATHER         OBSERVED          NORMAL  DEPART   LAST YEAR`S
                VALUE   DATE(S)   VALUE   FROM     VALUE
                                          NORMAL
..............................................................
TEMPERATURE (F)
RECORD
 HIGH            103   08/18/1988
 LOW              45   08/30/1986
HIGHEST           92   08/10                          93
LOWEST            62   08/13                          60
                       08/14
AVG. MAXIMUM    86.0               86.6    -0.6     88.0
AVG. MINIMUM    67.6               68.0    -0.4     68.8
MEAN            76.8               77.3    -0.5     78.4
DAYS MAX >= 90    10                                  14
DAYS MAX <= 32     0                                   0
DAYS MIN <= 32     0                                   0
DAYS MIN <= 0      0                                   0

PRECIPITATION (INCHES)
RECORD
 MAXIMUM       12.53   1939
TOTALS          3.57               4.36   -0.79     4.03
DAYS >= .01       10
DAYS >= .10        7
DAYS >= .50        3
DAYS >= 1.00       0
GREATEST
 24 HR. TOTAL   1.25   08/21 TO 08/22

DEGREE DAYS
HEATING TOTAL      0                  0       0        0
 SINCE 7/1         0                  0       0       MM
COOLING TOTAL    376                382      -6      423
 SINCE 1/1      1388               1310      78       MM
..............................................................

WIND (MPH)
AVERAGE WIND SPEED              5.5
HIGHEST WIND SPEED/DIRECTION    22/240    DATE  08/01
                                22/250          08/21
HIGHEST GUST SPEED/DIRECTION    31/240    DATE  08/21

SKY COVER
POSSIBLE SUNSHINE (PERCENT)   MM
AVERAGE SKY COVER           0.65
NUMBER OF DAYS FAIR            2
NUMBER OF DAYS PC             19
NUMBER OF DAYS CLOUDY         10

AVERAGE RH (PERCENT)     74

WEATHER CONDITIONS. NUMBER OF DAYS WITH
THUNDERSTORM             11     MIXED PRECIP               0
HEAVY RAIN                7     RAIN                       3
LIGHT RAIN               12     FREEZING RAIN              0
LT FREEZING RAIN          0     HAIL                       0
HEAVY SNOW                0     SNOW                       0
LIGHT SNOW                0     SLEET                      0
FOG                       7     FOG W/VIS <= 1/4 MILE      1
HAZE                      0

-  INDICATES NEGATIVE NUMBERS.
R  INDICATES RECORD WAS SET OR TIED.
MM INDICATES DATA IS MISSING.
T  INDICATES TRACE AMOUNT.

THERE WERE NO RECORDS IN THE MONTH OF AUGUST.

$$
