000
CXUS52 KGSP 011451
CLMGSP

CLIMATE REPORT
NATIONAL WEATHER SERVICE GREENVILLE-SPARTANBURG SC
1051 AM EDT SAT OCT 01 2022

...................................

...THE GREENVILLE-SPARTANBURG SC CLIMATE SUMMARY FOR THE MONTH OF SEPTEMBER 2022...

CLIMATE NORMAL PERIOD 1991 TO 2020
CLIMATE RECORD PERIOD 1884 TO 2022

WEATHER         OBSERVED          NORMAL  DEPART   LAST YEAR`S
                VALUE   DATE(S)   VALUE   FROM     VALUE DATE(S)
                                          NORMAL
................................................................
TEMPERATURE (F)
RECORD
 HIGH            101   09/06/1954
                       09/09/1939
 LOW              32   09/30/1888
HIGHEST           93   09/22         MM      MM       89  09/14
LOWEST            45   09/28         MM      MM       48  09/24
AVG. MAXIMUM    81.4               82.7    -1.3     82.5
AVG. MINIMUM    60.5               62.4    -1.9     60.8
MEAN            70.9               72.5    -1.6     71.7
DAYS MAX >= 90     1                4.7    -3.7        0
DAYS MAX <= 32     0                0.0     0.0        0
DAYS MIN <= 32     0                0.0     0.0        0
DAYS MIN <= 0      0                0.0     0.0        0

PRECIPITATION (INCHES)
RECORD
 MAXIMUM       12.95   1929
 MINIMUM        0.07   1919
TOTALS          5.10               3.73    1.37     3.33
DAILY AVG.      0.17               0.12    0.05     0.11
DAYS >= .01        8                8.0     0.0        9
DAYS >= .10        6                5.0     1.0        8
DAYS >= .50        3                2.4     0.6        2
DAYS >= 1.00       2                1.1     0.9        0
GREATEST
 24 HR. TOTAL   1.85   09/09 TO 09/10               0.94  08/31 TO 09/01
 STORM TOTAL    1.79                                0.86
 (MM/DD(HH))            MM

SNOWFALL (INCHES)
RECORDS
 TOTAL            MM   MM
 24 HR TOTAL      MM
 SNOW DEPTH       MM   MM
TOTALS           0.0                0.0     0.0      0.0
 LIQUID EQUIV   0.00               0.00    0.00     0.00
SINCE 7/1        0.0                0.0     0.0       MM
 LIQUID 7/1     0.00               0.00    0.00       MM
SNOWDEPTH AVG.     0                                   0
DAYS >= TRACE      0                0.0     0.0        0
DAYS >= 1.0        0                0.0     0.0        0
GREATEST
 SNOW DEPTH        0                                   0  MM
 24 HR TOTAL      MM                                  MM
 STORM TOTAL     0.0                                 0.0
 (MM/DD(HH))            MM

DEGREE DAYS
HEATING TOTAL     27                 12      15        9
 SINCE 7/1        27                 10      17       MM
COOLING TOTAL    211                239     -28      218
 SINCE 1/1      1766               1666     100       MM

FREEZE DATES
RECORD
 EARLIEST     MM
 LATEST       MM
EARLIEST                        MM
LATEST                          04/10
................................................................

WIND (MPH)
AVERAGE WIND SPEED              5.4
HIGHEST WIND SPEED/DIRECTION    29/060    DATE  09/29
HIGHEST GUST SPEED/DIRECTION    38/350    DATE  09/22
                                38/360          09/30

SKY COVER
POSSIBLE SUNSHINE (PERCENT)   MM
AVERAGE SKY COVER           0.28
NUMBER OF DAYS FAIR           20
NUMBER OF DAYS PC              6
NUMBER OF DAYS CLOUDY          4

AVERAGE RH (PERCENT)     69

WEATHER CONDITIONS. NUMBER OF DAYS WITH
THUNDERSTORM              3     MIXED PRECIP               0
HEAVY RAIN                4     RAIN                       5
LIGHT RAIN               11     FREEZING RAIN              0
LT FREEZING RAIN          0     HAIL                       0
HEAVY SNOW                0     SNOW                       0
LIGHT SNOW                0     SLEET                      0
FOG                      13     FOG W/VIS <= 1/4 MILE      0
HAZE                      1

-  INDICATES NEGATIVE NUMBERS.
R  INDICATES RECORD WAS SET OR TIED.
MM INDICATES DATA IS MISSING.
T  INDICATES TRACE AMOUNT.

$$
