000
CXUS54 KAMA 011544
CLMGUY

CLIMATE REPORT
NATIONAL WEATHER SERVICE AMARILLO
1044 AM CDT SAT OCT 01 2022

...................................

...THE GUYMON CLIMATE SUMMARY FOR THE MONTH OF SEPTEMBER 2022...

CLIMATE NORMAL PERIOD: 1991 TO 2020
CLIMATE RECORD PERIOD: 1998 TO 2022

WEATHER         OBSERVED          NORMAL  DEPART   LAST YEAR`S
                VALUE   DATE(S)   VALUE   FROM     VALUE DATE(S)
                                          NORMAL
................................................................
TEMPERATURE (F)
HIGHEST           99   09/07                         106  09/11
                       09/17
                       09/18
LOWEST            48   09/26                          42  09/22
AVG. MAXIMUM    90.9               85.4     5.5     91.4
AVG. MINIMUM    58.5               56.5     2.0     59.5
MEAN            74.7               70.9     3.8     75.4
DAYS MAX >= 90    23               11.6    11.4       18
DAYS MAX <= 32     0                0.0     0.0        0
DAYS MIN <= 32     0                0.0     0.0        0
DAYS MIN <= 0      0                0.0     0.0        0

PRECIPITATION (INCHES)
TOTALS          0.19               1.36   -1.17     0.03
DAILY AVG.      0.01               0.05   -0.04     0.00
DAYS >= .01        6                6.5    -0.5        2
DAYS >= .10        0                2.7    -2.7        0
DAYS >= .50        0                0.8    -0.8        0
DAYS >= 1.00       0                0.4    -0.4        0
GREATEST
 24 HR. TOTAL   0.10   09/10 TO 09/11

SNOWFALL (INCHES)
TOTALS            MM                 MM      MM       MM
SINCE 7/1         MM                 MM      MM       MM
DAYS >= TRACE     MM                 MM      MM
DAYS >= 1.0       MM                 MM      MM       MM
GREATEST
 SNOW DEPTH       MM
 24 HR TOTAL      MM

DEGREE DAYS
HEATING TOTAL     16                 35     -19        9
 SINCE 7/1        16                 34     -18       MM
COOLING TOTAL    315                213     102      329
 SINCE 1/1      2041               1601     440       MM
................................................................

WIND (MPH)
AVERAGE WIND SPEED              10.2
HIGHEST WIND SPEED/DIRECTION    36/060    DATE  09/02
HIGHEST GUST SPEED/DIRECTION    55/050    DATE  09/02

SKY COVER
POSSIBLE SUNSHINE (PERCENT)   MM
NUMBER OF DAYS FAIR           27
NUMBER OF DAYS PC              1
NUMBER OF DAYS CLOUDY          2

AVERAGE RH (PERCENT)     51

WEATHER CONDITIONS. NUMBER OF DAYS WITH
THUNDERSTORM              3     MIXED PRECIP               0
HEAVY RAIN                1     RAIN                       0
LIGHT RAIN                7     FREEZING RAIN              0
LT FREEZING RAIN          0     HEAVY SNOW                 0
SNOW                      0     LIGHT SNOW                 0
SLEET                     0     FOG                        2
FOG W/VIS <= 1/4 MILE     0     HAZE                       4

-  INDICATES NEGATIVE NUMBERS.
R  INDICATES RECORD WAS SET OR TIED.
MM INDICATES DATA IS MISSING.
T  INDICATES TRACE AMOUNT.

$$
