000
CXUS54 KJAN 012058
CLMGWO

CLIMATE REPORT
NATIONAL WEATHER SERVICE JACKSON MS
358 PM CDT SAT OCT 01 2022

...................................

...THE GREENWOOD CLIMATE SUMMARY FOR THE MONTH OF SEPTEMBER 2022...

CLIMATE NORMAL PERIOD: 1991 TO 2020
CLIMATE RECORD PERIOD: 1948 TO 2022

WEATHER         OBSERVED          NORMAL  DEPART   LAST YEAR`S
                VALUE   DATE(S)   VALUE   FROM     VALUE DATE(S)
                                          NORMAL
................................................................
TEMPERATURE (F)
RECORD
 HIGH            102   09/04/2000
                       09/05/1990
                       09/04/1990
 LOW              35   09/29/1967
HIGHEST          100   09/21         MM      MM       96  09/01
                                                          09/05
LOWEST            45   09/29         MM      MM       52  09/23
                                                          09/24
AVG. MAXIMUM    89.7               87.3     2.4     88.1
AVG. MINIMUM    63.5               63.8    -0.3     65.9
MEAN            76.6               75.6     1.0     77.0
DAYS MAX >= 90    17               13.2     3.8       11
DAYS MAX <= 32     0                0.0     0.0        0
DAYS MIN <= 32     0                0.0     0.0        0
DAYS MIN <= 0      0                0.0     0.0        0

PRECIPITATION (INCHES)
RECORD
 MAXIMUM       19.65   1958
 MINIMUM        0.01   2019
TOTALS          0.86               3.83   -2.97     1.90
DAILY AVG.      0.03               0.13   -0.10     0.06
DAYS >= .01        6                6.0     0.0       10
DAYS >= .10        2                4.0    -2.0        5
DAYS >= .50        1                2.0    -1.0        1
DAYS >= 1.00       0                1.3    -1.3        0
GREATEST
 24 HR. TOTAL   0.70   09/24 TO 09/25               1.01

SNOWFALL (INCHES)
TOTALS           0.0

DEGREE DAYS
HEATING TOTAL      5                  8      -3        0
 SINCE 7/1         5                  5       0       MM
COOLING TOTAL    358                324      34      367
 SINCE 1/1      2592               2112     480       MM
................................................................

WIND (MPH)
AVERAGE WIND SPEED              3.7
HIGHEST WIND SPEED/DIRECTION    24/020    DATE  09/25
HIGHEST GUST SPEED/DIRECTION    35/360    DATE  09/25

SKY COVER
POSSIBLE SUNSHINE (PERCENT)   MM
AVERAGE SKY COVER           0.15
NUMBER OF DAYS FAIR           25
NUMBER OF DAYS PC              5
NUMBER OF DAYS CLOUDY          0

AVERAGE RH (PERCENT)     66

WEATHER CONDITIONS. NUMBER OF DAYS WITH
THUNDERSTORM              6     MIXED PRECIP               0
HEAVY RAIN                2     RAIN                       3
LIGHT RAIN                7     FREEZING RAIN              0
LT FREEZING RAIN          0     HAIL                       0
HEAVY SNOW                0     SNOW                       0
LIGHT SNOW                0     SLEET                      0
FOG                      14     FOG W/VIS <= 1/4 MILE      0
HAZE                      1

-  INDICATES NEGATIVE NUMBERS.
R  INDICATES RECORD WAS SET OR TIED.
MM INDICATES DATA IS MISSING.
T  INDICATES TRACE AMOUNT.

$$
